{"id":81,"date":"2018-01-29T01:59:13","date_gmt":"2018-01-29T00:59:13","guid":{"rendered":"http:\/\/anctovillesurboscq.fr\/?page_id=81"},"modified":"2024-03-22T16:27:16","modified_gmt":"2024-03-22T15:27:16","slug":"urbanisme","status":"publish","type":"page","link":"https:\/\/anctovillesurboscq.fr\/?page_id=81","title":{"rendered":"Urbanisme"},"content":{"rendered":"\t\t<div data-elementor-type=\"wp-page\" data-elementor-id=\"81\" class=\"elementor elementor-81\">\n\t\t\t\t\t\t<section class=\"elementor-section elementor-top-section elementor-element elementor-element-6a51ca34 elementor-section-boxed elementor-section-height-default elementor-section-height-default\" data-id=\"6a51ca34\" data-element_type=\"section\" data-e-type=\"section\">\n\t\t\t\t\t\t<div class=\"elementor-container elementor-column-gap-default\">\n\t\t\t\t\t<div class=\"elementor-column elementor-col-100 elementor-top-column elementor-element elementor-element-3a12a402\" data-id=\"3a12a402\" data-element_type=\"column\" data-e-type=\"column\">\n\t\t\t<div class=\"elementor-widget-wrap elementor-element-populated\">\n\t\t\t\t\t\t<div class=\"elementor-element elementor-element-2883b944 elementor-widget elementor-widget-text-editor\" data-id=\"2883b944\" data-element_type=\"widget\" data-e-type=\"widget\" data-widget_type=\"text-editor.default\">\n\t\t\t\t<div class=\"elementor-widget-container\">\n\t\t\t\t\t\t\t\t\t<p><img decoding=\"async\" class=\"aligncenter\" src=\"http:\/\/anctovillesurboscq.fr\/wp-content\/uploads\/2018\/01\/Capture4351-abbf0.png\" alt=\"service urbanisme\" width=\"232\" height=\"159\" \/><\/p><p>Avant le d\u00e9p\u00f4t de votre dossier en mairie, vous pouvez vous informer sur les r\u00e8gles\u00a0d\u2019urbanisme en vigueur dans la commune aupr\u00e8s du service d\u2019instruction du droit du sol de Granville Terre et Mer.<\/p><p>Sur rendez-vous uniquement du lundi au jeudi de 8h30 \u00e0 12h30, de 13h30\u00a0\u00e0 17h30 et le vendredi de 8h30 \u00e0 12h30\u00a0et de 13h30 \u00e0 16h30.<\/p><p>Coordonn\u00e9es\u00a0: 02.14.24.20.44<\/p><p><a href=\"mailto:urbanisme@granville-terre-mer.fr\" target=\"_blank\" rel=\"noopener noreferrer\">urbanisme@granville-terre-mer.fr<\/a><\/p><p>P\u00f4le de proximit\u00e9 14 rue de la gare 50290 BREHAL.<\/p><p>La d\u00e9livrance d\u2019une autorisation d\u2019urbanisme permet \u00e0 la commune de v\u00e9rifier la conformit\u00e9 des travaux par rapport aux r\u00e8gles d\u2019urbanisme. Selon l\u2019importance des travaux, il faut d\u00e9poser un permis (permis de construire, d\u2019am\u00e9nager&#8230;) ou une d\u00e9claration pr\u00e9alable.<\/p><h2><em>Guichet num\u00e9rique des autorisations d&rsquo;urbanisme<\/em><\/h2><p>Depuis Janvier 2022, vous pouvez d\u00e9poser votre demande en ligne via un guichet num\u00e9rique des autorisations d&rsquo;urbanisme.<\/p><p>Accessible aux particuliers, entreprises et professionnels de l\u2019urbanisme (notaires, g\u00e9om\u00e8tres, architectes, constructeurs, ma\u00eetres d\u2019\u0153uvre\u2026), le guichet est ouvert pour :<\/p><ul><li>Les certificats d&rsquo;urbanisme d&rsquo;information (CUa)<\/li><li>Les certificats d&rsquo;urbanisme op\u00e9rationnels (Cub)<\/li><li>Les permis de construire<\/li><li>Les d\u00e9clarations pr\u00e9alables<\/li><li>Les permis d\u2019am\u00e9nager<\/li><li>Les d\u00e9clarations d&rsquo;intention d&rsquo;ali\u00e9ner (DIA)<\/li><\/ul><p><strong>\u00c0 noter<\/strong> : le d\u00e9p\u00f4t au format papier reste toujours possible.<\/p><p><div class=\"su-button-center\"><a href=\"http:\/\/urbanisme.granville-terre-mer.fr\/\" class=\"su-button su-button-style-3d su-button-wide\" style=\"color:#FFFFFF;background-color:#3a800c;border-color:#2f670a;border-radius:71px\" target=\"_blank\" rel=\"noopener noreferrer\"><span style=\"color:#FFFFFF;padding:10px 32px;font-size:23px;line-height:35px;border-color:#76a755;border-radius:71px;text-shadow:none\"><i class=\"sui sui-arrow-right\" style=\"font-size:23px;color:#FFFFFF\"><\/i> Acc\u00e9der au guichet num\u00e9rique<\/span><\/a><\/div><\/p><h2><strong><em>Certificat d\u2019urbanisme<\/em><\/strong><\/h2><p>Permet de conna\u00eetre le droit de l\u2019urbanisme applicable \u00e0 un terrain donn\u00e9 et de savoir si l\u2019op\u00e9ration projet\u00e9e est r\u00e9alisable.<\/p><p><a href=\"https:\/\/www.service-public.fr\/particuliers\/vosdroits\/R1970\" target=\"_blank\" rel=\"noopener noreferrer\"><strong>T\u00e9l\u00e9charger\u00a0le <\/strong><strong>Cerfa <\/strong><\/a><\/p><h2><strong><em>D\u00e9claration pr\u00e9alable<\/em><\/strong><\/h2><p><u>Conservation des haies et talus sur le territoire de la commune<\/u>\u00a0: tous travaux d\u2019arasement\u00a0de haies et talus sont soumis \u00e0 d\u00e9claration pr\u00e9alable, <a href=\"https:\/\/anctovillesurboscq.fr\/wp-content\/uploads\/2024\/03\/2022-128_DC_PLUi_Deliberation_complementaire_protection_bocage_elaboration_PLUi-1.pdf\" target=\"_blank\" rel=\"noopener\">voir la d\u00e9lib\u00e9ration<\/a>.<\/p><p><a href=\"https:\/\/www.service-public.fr\/particuliers\/vosdroits\/R11646\" target=\"_blank\" rel=\"noopener noreferrer\"><strong>T\u00e9l\u00e9charger le Cerfa<\/strong><\/a><\/p><p>Lotissements et autres divisions fonci\u00e8res non soumis \u00e0 permis d\u2019am\u00e9nager\u00a0: permet notamment de r\u00e9aliser des divisions de terrains de faible importance.<\/p><p><a href=\"https:\/\/www.service-public.fr\/particuliers\/vosdroits\/R1995\" target=\"_blank\" rel=\"noopener noreferrer\"><strong>T\u00e9l\u00e9charger le Cerfa<\/strong><\/a><\/p><p>D\u00e9claration pr\u00e9alable &#8211; Construction, travaux, installations et am\u00e9nagements non soumis \u00e0 permis comprenant ou non des d\u00e9molitions\u00a0: permet notamment de r\u00e9aliser une construction nouvelle et d\u2019effectuer des travaux.<\/p><p><a href=\"https:\/\/www.service-public.fr\/particuliers\/vosdroits\/R11646\" target=\"_blank\" rel=\"noopener noreferrer\"><strong>T\u00e9l\u00e9charger le Cerfa<\/strong><\/a><\/p><p>D\u00e9claration pr\u00e9alable \u00e0 la r\u00e9alisation de constructions et travaux non soumis \u00e0 permis de construire portant sur une maison individuelle et\/ou ses annexes\u00a0: permet de r\u00e9aliser des travaux sur une maison individuelle (extension, modification de l\u2019aspect ext\u00e9rieur, ravalement de fa\u00e7ade dans des secteurs prot\u00e9g\u00e9s ou certaines communes\u2026), de construire une annexe \u00e0 son habitation (piscine, abri de jardin, garage&#8230;) ou d\u2019\u00e9difier une cl\u00f4ture.<\/p><p><a href=\"https:\/\/www.service-public.fr\/particuliers\/vosdroits\/R2028\" target=\"_blank\" rel=\"noopener noreferrer\"><strong>T\u00e9l\u00e9charger le Cerfa<\/strong><\/a><\/p><h2><strong><em>Permis de construire<\/em><\/strong><\/h2><p>Demande de permis de construire comprenant ou non des d\u00e9molitions\u00a0: permet de r\u00e9aliser une construction ou d\u2019effectuer des travaux sur une construction existante.<\/p><p><a href=\"https:\/\/www.service-public.fr\/particuliers\/vosdroits\/R20835\" target=\"_blank\" rel=\"noopener noreferrer\"><strong>T\u00e9l\u00e9charger le Cerfa<\/strong><\/a><\/p><p>Demande de permis de construire pour une maison individuelle et\/ou ses annexes comprenant ou non des d\u00e9molitions\u00a0: permet notamment de r\u00e9aliser ou agrandir une maison individuelle ou ses annexes.<\/p><p><a href=\"https:\/\/www.service-public.fr\/particuliers\/vosdroits\/R11637\" target=\"_blank\" rel=\"noopener noreferrer\"><strong>T\u00e9l\u00e9charger le Cerfa<\/strong><\/a><\/p><h2>\u00a0<\/h2><h3><strong><em>Modification d\u2019un permis de construire<\/em><\/strong><\/h3><p>Demande de modification d\u2019un permis d\u00e9livr\u00e9 en cours de validit\u00e9\u00a0: permet d\u2019apporter des modifications mineures au permis de construire initial.<\/p><p><a href=\"https:\/\/www.service-public.fr\/particuliers\/vosdroits\/R21323\" target=\"_blank\" rel=\"noopener noreferrer\"><strong>T\u00e9l\u00e9charger le Cerfa<\/strong><\/a><\/p><h2>\u00a0<\/h2><h3><strong><em>Transfert d\u2019un permis de construire<\/em><\/strong><\/h3><p>Demande de transfert de permis d\u00e9livr\u00e9 en cours de validit\u00e9<\/p><p><a href=\"https:\/\/www.service-public.fr\/particuliers\/vosdroits\/R2034\" target=\"_blank\" rel=\"noopener noreferrer\"><strong>T\u00e9l\u00e9charger le Cerfa<\/strong><\/a><\/p><h3>\u00a0<\/h3><h2><strong><em>Permis d\u2019am\u00e9nager<\/em><\/strong><\/h2><p>Demande de permis d\u2019am\u00e9nager comprenant ou non des constructions et\/ou des d\u00e9molitions\u00a0: permet de r\u00e9aliser un am\u00e9nagement (op\u00e9ration de creusage ou de sur\u00e9l\u00e9vation du sol, lotissement, camping, aire de stationnement, parc d\u2019attraction, terrain de sports ou loisirs,\u2026).<\/p><p><a href=\"https:\/\/www.service-public.fr\/particuliers\/vosdroits\/R21378\" target=\"_blank\" rel=\"noopener noreferrer\"><strong>T\u00e9l\u00e9charger le Cerfa<\/strong><\/a><\/p><h2><strong><em>Permis de d\u00e9molir<\/em><\/strong><\/h2><p>Demande de permis de d\u00e9molir\u00a0: permet de d\u00e9molir une construction sans r\u00e9alisation d\u2019une autre construction.<\/p><p><a href=\"https:\/\/www.service-public.fr\/particuliers\/vosdroits\/R1980\" target=\"_blank\" rel=\"noopener noreferrer\"><strong>T\u00e9l\u00e9charger le Cerfa<\/strong><\/a><\/p><h3>\u00a0<\/h3><h2><strong><em>Fiche compl\u00e9mentaire (si plusieurs demandeurs pour le m\u00eame projet)<\/em><\/strong><\/h2><p><a href=\"http:\/\/anctovillesurboscq.fr\/wp-content\/uploads\/2018\/01\/notice_13410-01.pdf\" target=\"_blank\" rel=\"noopener noreferrer\"><strong>T\u00e9l\u00e9charger la fiche compl\u00e9mentaire<\/strong><\/a><\/p><h3>\u00a0<\/h3><h2><strong><em>Affichage sur le terrain<\/em><\/strong><\/h2><p>L\u2019affichage se fait gr\u00e2ce \u00e0 un panneau rectangulaire dont les dimensions doivent \u00eatre sup\u00e9rieures \u00e0 80 centim\u00e8tres. Il est possible d\u2019en trouver dans les magasins sp\u00e9cialis\u00e9s. Le co\u00fbt du panneau est \u00e0 votre charge.<\/p><p>Le panneau doit \u00eatre install\u00e9 de telle sorte que les renseignements qu\u2019il contient soient lisibles de la voie publique.<\/p><p>Il doit mentionner\u00a0:<\/p><ul><li>votre nom,<\/li><li>votre raison sociale ou d\u00e9nomination sociale,<\/li><li>la date et le num\u00e9ro de l\u2019autorisation,<\/li><li>la nature du projet et la superficie du terrain,<\/li><li>l\u2019adresse de la mairie o\u00f9 le dossier peut \u00eatre consult\u00e9,<\/li><li>les droits de recours des tiers.<\/li><\/ul><p>Il doit \u00e9galement indiquer, en fonction de la nature du projet\u00a0:<\/p><ul><li>si le projet pr\u00e9voit des constructions\u00a0: la surface du plancher ainsi que la hauteur de la ou des constructions, exprim\u00e9e en m\u00e8tre par rapport au sol naturel,<\/li><li>si le projet porte sur un lotissement\u00a0: le nombre maximum de lots pr\u00e9vus,<\/li><li>si le projet porte sur un terrain de camping ou un parc r\u00e9sidentiel de loisirs\u00a0: le nombre total d\u2019emplacements et, s\u2019il y a lieu, le nombre d\u2019emplacements r\u00e9serv\u00e9s \u00e0 des habitations l\u00e9g\u00e8res de loisirs,<\/li><li>si le projet pr\u00e9voit des d\u00e9molitions\u00a0: la surface du ou des b\u00e2timents \u00e0 d\u00e9molir.<\/li><\/ul><h3><a href=\"http:\/\/anctovillesurboscq.fr\/wp-content\/uploads\/2018\/01\/urbanisme_fiscalit\u00e9_plaquette_taxe_urbanisme_2017.pdf\" target=\"_blank\" rel=\"noopener noreferrer\"><img decoding=\"async\" class=\"alignnone\" src=\"http:\/\/anctovillesurboscq.fr\/wp-content\/uploads\/2018\/01\/Capture12006-2ee0c.png\" alt=\"\" width=\"500\" height=\"94\" \/><\/a><\/h3><h2>\u00a0<strong><em>Taxe d\u2019am\u00e9nagement<\/em><\/strong><\/h2><p>La taxe est applicable \u00e0 toutes les op\u00e9rations d\u2019am\u00e9nagement, de construction, de reconstruction et d\u2019agrandissement de b\u00e2timents ou d\u2019installations, n\u00e9cessitant une autorisation d\u2019urbanisme (permis de construire ou d\u2019am\u00e9nager, d\u00e9claration pr\u00e9alable), et qui changent la destination des locaux dans le cas des exploitations agricoles.<\/p><p>Le taux de la taxe d\u2019am\u00e9nagement est de 2,5\u00a0% sur l\u2019ensemble du territoire communal et les abris de jardin soumis \u00e0 d\u00e9claration pr\u00e9alable sont totalement exon\u00e9rer (<a href=\"http:\/\/anctovillesurboscq.fr\/wp-content\/uploads\/2018\/03\/d\u00e9lib\u00e9ration-2017-46.pdf\" target=\"_blank\" rel=\"noopener noreferrer\">d\u00e9lib\u00e9ration du 29 novembre 2017<\/a>).<\/p><p><a href=\"http:\/\/www.cohesion-territoires.gouv.fr\/calcul-de-la-taxe-d-amenagement-571\" target=\"_blank\" rel=\"noopener noreferrer\"><u>S<\/u>imulateur de calcul de la taxe d\u2019am\u00e9nagement<\/a><\/p>\t\t\t\t\t\t\t\t<\/div>\n\t\t\t\t<\/div>\n\t\t\t\t\t<\/div>\n\t\t<\/div>\n\t\t\t\t\t<\/div>\n\t\t<\/section>\n\t\t\t\t<\/div>\n\t\t","protected":false},"excerpt":{"rendered":"<p>Avant le d\u00e9p\u00f4t de votre dossier en mairie, vous pouvez vous informer sur les r\u00e8gles\u00a0d\u2019urbanisme en vigueur dans la commune aupr\u00e8s du service d\u2019instruction du droit du sol de Granville Terre et Mer. Sur&#46;&#46;&#46;<\/p>\n","protected":false},"author":2,"featured_media":0,"parent":38,"menu_order":0,"comment_status":"closed","ping_status":"closed","template":"","meta":{"_monsterinsights_skip_tracking":false,"_monsterinsights_sitenote_active":false,"_monsterinsights_sitenote_note":"","_monsterinsights_sitenote_category":0,"footnotes":""},"class_list":["post-81","page","type-page","status-publish","hentry"],"_links":{"self":[{"href":"https:\/\/anctovillesurboscq.fr\/index.php?rest_route=\/wp\/v2\/pages\/81","targetHints":{"allow":["GET"]}}],"collection":[{"href":"https:\/\/anctovillesurboscq.fr\/index.php?rest_route=\/wp\/v2\/pages"}],"about":[{"href":"https:\/\/anctovillesurboscq.fr\/index.php?rest_route=\/wp\/v2\/types\/page"}],"author":[{"embeddable":true,"href":"https:\/\/anctovillesurboscq.fr\/index.php?rest_route=\/wp\/v2\/users\/2"}],"replies":[{"embeddable":true,"href":"https:\/\/anctovillesurboscq.fr\/index.php?rest_route=%2Fwp%2Fv2%2Fcomments&post=81"}],"version-history":[{"count":0,"href":"https:\/\/anctovillesurboscq.fr\/index.php?rest_route=\/wp\/v2\/pages\/81\/revisions"}],"up":[{"embeddable":true,"href":"https:\/\/anctovillesurboscq.fr\/index.php?rest_route=\/wp\/v2\/pages\/38"}],"wp:attachment":[{"href":"https:\/\/anctovillesurboscq.fr\/index.php?rest_route=%2Fwp%2Fv2%2Fmedia&parent=81"}],"curies":[{"name":"wp","href":"https:\/\/api.w.org\/{rel}","templated":true}]}}