{"id":445,"date":"2018-02-04T21:12:22","date_gmt":"2018-02-04T20:12:22","guid":{"rendered":"http:\/\/anctovillesurboscq.fr\/?page_id=445"},"modified":"2025-07-28T11:49:25","modified_gmt":"2025-07-28T09:49:25","slug":"les-associations","status":"publish","type":"page","link":"https:\/\/anctovillesurboscq.fr\/?page_id=445","title":{"rendered":"Les associations"},"content":{"rendered":"\t\t<div data-elementor-type=\"wp-page\" data-elementor-id=\"445\" class=\"elementor elementor-445\">\n\t\t\t\t\t\t<section class=\"elementor-section elementor-top-section elementor-element elementor-element-6296c0d elementor-section-boxed elementor-section-height-default elementor-section-height-default\" data-id=\"6296c0d\" data-element_type=\"section\" data-e-type=\"section\">\n\t\t\t\t\t\t<div class=\"elementor-container elementor-column-gap-default\">\n\t\t\t\t\t<div class=\"elementor-column elementor-col-100 elementor-top-column elementor-element elementor-element-b9cb65d\" data-id=\"b9cb65d\" data-element_type=\"column\" data-e-type=\"column\">\n\t\t\t<div class=\"elementor-widget-wrap elementor-element-populated\">\n\t\t\t\t\t\t<div class=\"elementor-element elementor-element-f1ee82f elementor-widget elementor-widget-text-editor\" data-id=\"f1ee82f\" data-element_type=\"widget\" data-e-type=\"widget\" data-widget_type=\"text-editor.default\">\n\t\t\t\t<div class=\"elementor-widget-container\">\n\t\t\t\t\t\t\t\t\t<h1><strong>Le comit\u00e9 des f\u00eates<\/strong><\/h1>\t\t\t\t\t\t\t\t<\/div>\n\t\t\t\t<\/div>\n\t\t\t\t\t<\/div>\n\t\t<\/div>\n\t\t\t\t\t<\/div>\n\t\t<\/section>\n\t\t\t\t<section class=\"elementor-section elementor-top-section elementor-element elementor-element-7f17a74 elementor-section-boxed elementor-section-height-default elementor-section-height-default\" data-id=\"7f17a74\" data-element_type=\"section\" data-e-type=\"section\">\n\t\t\t\t\t\t<div class=\"elementor-container elementor-column-gap-default\">\n\t\t\t\t\t<div class=\"elementor-column elementor-col-50 elementor-top-column elementor-element elementor-element-a7457d1\" data-id=\"a7457d1\" data-element_type=\"column\" data-e-type=\"column\">\n\t\t\t<div class=\"elementor-widget-wrap elementor-element-populated\">\n\t\t\t\t\t\t<div class=\"elementor-element elementor-element-76560f9 elementor-widget__width-initial elementor-widget elementor-widget-image\" data-id=\"76560f9\" data-element_type=\"widget\" data-e-type=\"widget\" data-widget_type=\"image.default\">\n\t\t\t\t<div class=\"elementor-widget-container\">\n\t\t\t\t\t\t\t\t\t\t\t\t\t\t\t<img fetchpriority=\"high\" decoding=\"async\" width=\"300\" height=\"249\" src=\"https:\/\/anctovillesurboscq.fr\/wp-content\/uploads\/2025\/01\/logo-comite-des-fetes-300x249.jpg\" class=\"attachment-medium size-medium wp-image-7937\" alt=\"\" srcset=\"https:\/\/anctovillesurboscq.fr\/wp-content\/uploads\/2025\/01\/logo-comite-des-fetes-300x249.jpg 300w, https:\/\/anctovillesurboscq.fr\/wp-content\/uploads\/2025\/01\/logo-comite-des-fetes-768x637.jpg 768w, https:\/\/anctovillesurboscq.fr\/wp-content\/uploads\/2025\/01\/logo-comite-des-fetes.jpg 809w\" sizes=\"(max-width: 300px) 100vw, 300px\" \/>\t\t\t\t\t\t\t\t\t\t\t\t\t\t\t<\/div>\n\t\t\t\t<\/div>\n\t\t\t\t\t<\/div>\n\t\t<\/div>\n\t\t\t\t<div class=\"elementor-column elementor-col-50 elementor-top-column elementor-element elementor-element-fc210c9\" data-id=\"fc210c9\" data-element_type=\"column\" data-e-type=\"column\">\n\t\t\t<div class=\"elementor-widget-wrap elementor-element-populated\">\n\t\t\t\t\t\t<div class=\"elementor-element elementor-element-23a0214 elementor-widget elementor-widget-text-editor\" data-id=\"23a0214\" data-element_type=\"widget\" data-e-type=\"widget\" data-widget_type=\"text-editor.default\">\n\t\t\t\t<div class=\"elementor-widget-container\">\n\t\t\t\t\t\t\t\t\t<p>Pr\u00e9sident : Nolan BOUCAULT<\/p><p><a href=\"mailto:cof.anctovillesurboscq@gmail.com\">cof.anctovillesurboscq@gmail.com<\/a><\/p>\t\t\t\t\t\t\t\t<\/div>\n\t\t\t\t<\/div>\n\t\t\t\t\t<\/div>\n\t\t<\/div>\n\t\t\t\t\t<\/div>\n\t\t<\/section>\n\t\t\t\t<section class=\"elementor-section elementor-top-section elementor-element elementor-element-db4f584 elementor-section-boxed elementor-section-height-default elementor-section-height-default\" data-id=\"db4f584\" data-element_type=\"section\" data-e-type=\"section\">\n\t\t\t\t\t\t<div class=\"elementor-container elementor-column-gap-default\">\n\t\t\t\t\t<div class=\"elementor-column elementor-col-100 elementor-top-column elementor-element elementor-element-958b822\" data-id=\"958b822\" data-element_type=\"column\" data-e-type=\"column\">\n\t\t\t<div class=\"elementor-widget-wrap elementor-element-populated\">\n\t\t\t\t\t\t<div class=\"elementor-element elementor-element-ab71d7c elementor-widget elementor-widget-text-editor\" data-id=\"ab71d7c\" data-element_type=\"widget\" data-e-type=\"widget\" data-widget_type=\"text-editor.default\">\n\t\t\t\t<div class=\"elementor-widget-container\">\n\t\t\t\t\t\t\t\t\t<h1><strong>Les Solexins<\/strong><\/h1>\t\t\t\t\t\t\t\t<\/div>\n\t\t\t\t<\/div>\n\t\t\t\t\t<\/div>\n\t\t<\/div>\n\t\t\t\t\t<\/div>\n\t\t<\/section>\n\t\t\t\t<section class=\"elementor-section elementor-top-section elementor-element elementor-element-9271ae5 elementor-section-boxed elementor-section-height-default elementor-section-height-default\" data-id=\"9271ae5\" data-element_type=\"section\" data-e-type=\"section\">\n\t\t\t\t\t\t<div class=\"elementor-container elementor-column-gap-default\">\n\t\t\t\t\t<div class=\"elementor-column elementor-col-50 elementor-top-column elementor-element elementor-element-cb45c13\" data-id=\"cb45c13\" data-element_type=\"column\" data-e-type=\"column\">\n\t\t\t<div class=\"elementor-widget-wrap elementor-element-populated\">\n\t\t\t\t\t\t<div class=\"elementor-element elementor-element-284690e elementor-widget__width-initial elementor-widget elementor-widget-image\" data-id=\"284690e\" data-element_type=\"widget\" data-e-type=\"widget\" data-widget_type=\"image.default\">\n\t\t\t\t<div class=\"elementor-widget-container\">\n\t\t\t\t\t\t\t\t\t\t\t\t\t\t\t<img decoding=\"async\" width=\"500\" height=\"282\" src=\"https:\/\/anctovillesurboscq.fr\/wp-content\/uploads\/2018\/02\/Les-solexins-du-Pays-Granvillais.jpg\" class=\"attachment-large size-large wp-image-607\" alt=\"\" srcset=\"https:\/\/anctovillesurboscq.fr\/wp-content\/uploads\/2018\/02\/Les-solexins-du-Pays-Granvillais.jpg 500w, https:\/\/anctovillesurboscq.fr\/wp-content\/uploads\/2018\/02\/Les-solexins-du-Pays-Granvillais-300x169.jpg 300w\" sizes=\"(max-width: 500px) 100vw, 500px\" \/>\t\t\t\t\t\t\t\t\t\t\t\t\t\t\t<\/div>\n\t\t\t\t<\/div>\n\t\t\t\t\t<\/div>\n\t\t<\/div>\n\t\t\t\t<div class=\"elementor-column elementor-col-50 elementor-top-column elementor-element elementor-element-1cf5a9f\" data-id=\"1cf5a9f\" data-element_type=\"column\" data-e-type=\"column\">\n\t\t\t<div class=\"elementor-widget-wrap elementor-element-populated\">\n\t\t\t\t\t\t<div class=\"elementor-element elementor-element-3c519c1 elementor-widget elementor-widget-text-editor\" data-id=\"3c519c1\" data-element_type=\"widget\" data-e-type=\"widget\" data-widget_type=\"text-editor.default\">\n\t\t\t\t<div class=\"elementor-widget-container\">\n\t\t\t\t\t\t\t\t\t<p>L&rsquo;association a \u00e9t\u00e9 cr\u00e9\u00e9 en 2013 \u00e0 l\u2019initiative de Serge Martin par une troupe de copains amoureux du seul deux roues motoris\u00e9 qui a autant marqu\u00e9 son \u00e9poque et sur une dur\u00e9e aussi longue.<br \/>Contact Monsieur Serge MARTIN (pr\u00e9sident) 06.30.72.83.34 et Monsieur Bruno RIET (secr\u00e9taire) 06.15.08.72.63<\/p><p>Retrouvez tous les \u00e9v\u00e9nements sur leur page <a href=\"https:\/\/www.facebook.com\/groups\/lessolexinsdupaysgranvillais\/permalink\/908238336498376\/\" target=\"_blank\" rel=\"noopener\">Facebook<\/a>.<\/p>\t\t\t\t\t\t\t\t<\/div>\n\t\t\t\t<\/div>\n\t\t\t\t\t<\/div>\n\t\t<\/div>\n\t\t\t\t\t<\/div>\n\t\t<\/section>\n\t\t\t\t<section class=\"elementor-section elementor-top-section elementor-element elementor-element-463b3c1 elementor-section-boxed elementor-section-height-default elementor-section-height-default\" data-id=\"463b3c1\" data-element_type=\"section\" data-e-type=\"section\">\n\t\t\t\t\t\t<div class=\"elementor-container elementor-column-gap-default\">\n\t\t\t\t\t<div class=\"elementor-column elementor-col-100 elementor-top-column elementor-element elementor-element-ffcb805\" data-id=\"ffcb805\" data-element_type=\"column\" data-e-type=\"column\">\n\t\t\t<div class=\"elementor-widget-wrap elementor-element-populated\">\n\t\t\t\t\t\t<div class=\"elementor-element elementor-element-65f363b elementor-widget elementor-widget-text-editor\" data-id=\"65f363b\" data-element_type=\"widget\" data-e-type=\"widget\" data-widget_type=\"text-editor.default\">\n\t\t\t\t<div class=\"elementor-widget-container\">\n\t\t\t\t\t\t\t\t\t<h1><strong>L&rsquo;association de Chasse<\/strong><\/h1>\t\t\t\t\t\t\t\t<\/div>\n\t\t\t\t<\/div>\n\t\t\t\t\t<\/div>\n\t\t<\/div>\n\t\t\t\t\t<\/div>\n\t\t<\/section>\n\t\t\t\t<section class=\"elementor-section elementor-top-section elementor-element elementor-element-7dd4f47 elementor-section-boxed elementor-section-height-default elementor-section-height-default\" data-id=\"7dd4f47\" data-element_type=\"section\" data-e-type=\"section\">\n\t\t\t\t\t\t<div class=\"elementor-container elementor-column-gap-default\">\n\t\t\t\t\t<div class=\"elementor-column elementor-col-50 elementor-top-column elementor-element elementor-element-df05336\" data-id=\"df05336\" data-element_type=\"column\" data-e-type=\"column\">\n\t\t\t<div class=\"elementor-widget-wrap elementor-element-populated\">\n\t\t\t\t\t\t<div class=\"elementor-element elementor-element-93ceaa6 elementor-widget__width-initial elementor-widget elementor-widget-image\" data-id=\"93ceaa6\" data-element_type=\"widget\" data-e-type=\"widget\" data-widget_type=\"image.default\">\n\t\t\t\t<div class=\"elementor-widget-container\">\n\t\t\t\t\t\t\t\t\t\t\t\t\t\t\t<img decoding=\"async\" width=\"500\" height=\"360\" src=\"https:\/\/anctovillesurboscq.fr\/wp-content\/uploads\/2018\/02\/association-de-chasse.jpg\" class=\"attachment-large size-large wp-image-606\" alt=\"\" srcset=\"https:\/\/anctovillesurboscq.fr\/wp-content\/uploads\/2018\/02\/association-de-chasse.jpg 500w, https:\/\/anctovillesurboscq.fr\/wp-content\/uploads\/2018\/02\/association-de-chasse-300x216.jpg 300w\" sizes=\"(max-width: 500px) 100vw, 500px\" \/>\t\t\t\t\t\t\t\t\t\t\t\t\t\t\t<\/div>\n\t\t\t\t<\/div>\n\t\t\t\t\t<\/div>\n\t\t<\/div>\n\t\t\t\t<div class=\"elementor-column elementor-col-50 elementor-top-column elementor-element elementor-element-5f9bb02\" data-id=\"5f9bb02\" data-element_type=\"column\" data-e-type=\"column\">\n\t\t\t<div class=\"elementor-widget-wrap elementor-element-populated\">\n\t\t\t\t\t\t<div class=\"elementor-element elementor-element-6dcd674 elementor-widget elementor-widget-text-editor\" data-id=\"6dcd674\" data-element_type=\"widget\" data-e-type=\"widget\" data-widget_type=\"text-editor.default\">\n\t\t\t\t<div class=\"elementor-widget-container\">\n\t\t\t\t\t\t\t\t\t<p>L&rsquo;association \u00e9t\u00e9 cr\u00e9\u00e9e en 1988.<\/p><p><div class=\"su-button-center\"><a href=\"https:\/\/anctovillesurboscq.fr\/wp-content\/uploads\/2025\/07\/AP-ouvert-fermet-chasse-2025.pdf\" class=\"su-button su-button-style-default su-button-wide\" style=\"color:#FFFFFF;background-color:#3a800c;border-color:#2f670a;border-radius:5px\" target=\"_blank\" rel=\"noopener noreferrer\"><span style=\"color:#FFFFFF;padding:8px 26px;font-size:20px;line-height:30px;border-color:#76a755;border-radius:5px;text-shadow:none\"><i class=\"sui sui-share\" style=\"font-size:20px;color:#FFFFFF\"><\/i> Ouverture de la Chasse 2025 <\/span><\/a><\/div><\/p><p><div class=\"su-button-center\"><a href=\"https:\/\/anctovillesurboscq.fr\/wp-content\/uploads\/2022\/10\/AP-Venerie-Blaireau-2023.pdf\" class=\"su-button su-button-style-default su-button-wide\" style=\"color:#FFFFFF;background-color:#3a800c;border-color:#2f670a;border-radius:5px\" target=\"_blank\" rel=\"noopener noreferrer\"><span style=\"color:#FFFFFF;padding:8px 26px;font-size:20px;line-height:30px;border-color:#76a755;border-radius:5px;text-shadow:none\"><i class=\"sui sui-share\" style=\"font-size:20px;color:#FFFFFF\"><\/i> arr\u00eat\u00e9 relatif \u00e0 la v\u00e9nerie du Blaireau\u00a0 <\/span><\/a><\/div><\/p><p><div class=\"su-button-center\"><a href=\"https:\/\/anctovillesurboscq.fr\/wp-content\/uploads\/2024\/05\/Arrete-fixant-pour-les-especes-de-grand-gibier-soumises-a-plan-de-chasse-le-nombre-minimum-et-maximum-danimaux-a-prelever-dans-le-departement-de-la-Manche-pour-la-saison-2024-\u2013-2025.pdf\" class=\"su-button su-button-style-default su-button-wide\" style=\"color:#FFFFFF;background-color:#3a800c;border-color:#2f670a;border-radius:5px\" target=\"_blank\" rel=\"noopener noreferrer\"><span style=\"color:#FFFFFF;padding:8px 26px;font-size:20px;line-height:30px;border-color:#76a755;border-radius:5px;text-shadow:none\"><i class=\"sui sui-share\" style=\"font-size:20px;color:#FFFFFF\"><\/i> chasse de grand gibier 2024-2025\u00a0 <\/span><\/a><\/div><\/p><p><div class=\"su-button-center\"><a href=\"https:\/\/anctovillesurboscq.fr\/wp-content\/uploads\/2024\/05\/Arrete-relatif-\ufffd\ufffd-louverture-anticipee-de-la-chasse-du-sanglier-en-2024-dans-le-departement-de-la-Manche.pdf\" class=\"su-button su-button-style-default su-button-wide\" style=\"color:#FFFFFF;background-color:#3a800c;border-color:#2f670a;border-radius:5px\" target=\"_blank\" rel=\"noopener noreferrer\"><span style=\"color:#FFFFFF;padding:8px 26px;font-size:20px;line-height:30px;border-color:#76a755;border-radius:5px;text-shadow:none\"><i class=\"sui sui-share\" style=\"font-size:20px;color:#FFFFFF\"><\/i> chasse du sanglier en 2024\u00a0 <\/span><\/a><\/div><\/p><p><div class=\"su-button-center\"><a href=\"https:\/\/anctovillesurboscq.fr\/wp-content\/uploads\/2024\/05\/Arrete-relatif-\ufffd\ufffd-louverture-anticipee-de-la-chasse-des-cervides-dans-le-departement-de-la-Manche-pour-la-saison-2024-2025.pdf\" class=\"su-button su-button-style-default su-button-wide\" style=\"color:#FFFFFF;background-color:#3a800c;border-color:#2f670a;border-radius:5px\" target=\"_blank\" rel=\"noopener noreferrer\"><span style=\"color:#FFFFFF;padding:8px 26px;font-size:20px;line-height:30px;border-color:#76a755;border-radius:5px;text-shadow:none\"><i class=\"sui sui-share\" style=\"font-size:20px;color:#FFFFFF\"><\/i> chasse des cervid\u00e9s 2024 -2025\u00a0 <\/span><\/a><\/div><\/p><p><div class=\"su-button-center\"><a href=\"https:\/\/anctovillesurboscq.fr\/wp-content\/uploads\/2025\/06\/doc01379320250626141031.pdf\" class=\"su-button su-button-style-default su-button-wide\" style=\"color:#FFFFFF;background-color:#3a800c;border-color:#2f670a;border-radius:5px\" target=\"_blank\" rel=\"noopener noreferrer\"><span style=\"color:#FFFFFF;padding:8px 26px;font-size:20px;line-height:30px;border-color:#76a755;border-radius:5px;text-shadow:none\"><i class=\"sui sui-share\" style=\"font-size:20px;color:#FFFFFF\"><\/i> classement des animaux susceptibles d&rsquo;occasionner des d\u00e9g\u00e2ts 2025 &#8211; 2026 <\/span><\/a><\/div><\/p><p><div class=\"su-button-center\"><a href=\"https:\/\/anctovillesurboscq.fr\/wp-content\/uploads\/2025\/07\/AP-secteurs-loutres-2025.pdf\" class=\"su-button su-button-style-default su-button-wide\" style=\"color:#FFFFFF;background-color:#3a800c;border-color:#2f670a;border-radius:5px\" target=\"_blank\" rel=\"noopener noreferrer\"><span style=\"color:#FFFFFF;padding:8px 26px;font-size:20px;line-height:30px;border-color:#76a755;border-radius:5px;text-shadow:none\"><i class=\"sui sui-share\" style=\"font-size:20px;color:#FFFFFF\"><\/i> liste des secteurs o\u00f9 la pr\u00e9sence de la loutre est av\u00e9r\u00e9e <\/span><\/a><\/div><\/p>\t\t\t\t\t\t\t\t<\/div>\n\t\t\t\t<\/div>\n\t\t\t\t\t<\/div>\n\t\t<\/div>\n\t\t\t\t\t<\/div>\n\t\t<\/section>\n\t\t\t\t<section class=\"elementor-section elementor-top-section elementor-element elementor-element-55d8d9c elementor-section-boxed elementor-section-height-default elementor-section-height-default\" data-id=\"55d8d9c\" data-element_type=\"section\" data-e-type=\"section\">\n\t\t\t\t\t\t<div class=\"elementor-container elementor-column-gap-default\">\n\t\t\t\t\t<div class=\"elementor-column elementor-col-100 elementor-top-column elementor-element elementor-element-8e20c07\" data-id=\"8e20c07\" data-element_type=\"column\" data-e-type=\"column\">\n\t\t\t<div class=\"elementor-widget-wrap elementor-element-populated\">\n\t\t\t\t\t\t<div class=\"elementor-element elementor-element-c21ac23 elementor-widget elementor-widget-text-editor\" data-id=\"c21ac23\" data-element_type=\"widget\" data-e-type=\"widget\" data-widget_type=\"text-editor.default\">\n\t\t\t\t<div class=\"elementor-widget-container\">\n\t\t\t\t\t\t\t\t\t<h1>Les Amis de Saint Martin<\/h1>\t\t\t\t\t\t\t\t<\/div>\n\t\t\t\t<\/div>\n\t\t\t\t\t<\/div>\n\t\t<\/div>\n\t\t\t\t\t<\/div>\n\t\t<\/section>\n\t\t\t\t<section class=\"elementor-section elementor-top-section elementor-element elementor-element-85e11e1 elementor-section-boxed elementor-section-height-default elementor-section-height-default\" data-id=\"85e11e1\" data-element_type=\"section\" data-e-type=\"section\">\n\t\t\t\t\t\t<div class=\"elementor-container elementor-column-gap-default\">\n\t\t\t\t\t<div class=\"elementor-column elementor-col-50 elementor-top-column elementor-element elementor-element-9df34ec\" data-id=\"9df34ec\" data-element_type=\"column\" data-e-type=\"column\">\n\t\t\t<div class=\"elementor-widget-wrap elementor-element-populated\">\n\t\t\t\t\t\t<div class=\"elementor-element elementor-element-af43456 elementor-widget__width-initial elementor-widget elementor-widget-image\" data-id=\"af43456\" data-element_type=\"widget\" data-e-type=\"widget\" data-widget_type=\"image.default\">\n\t\t\t\t<div class=\"elementor-widget-container\">\n\t\t\t\t\t\t\t\t\t\t\t\t\t\t\t<img loading=\"lazy\" decoding=\"async\" width=\"500\" height=\"351\" src=\"https:\/\/anctovillesurboscq.fr\/wp-content\/uploads\/2018\/02\/Cr\u00e9che-les-Amis-de-Saint-Martin.jpg\" class=\"attachment-large size-large wp-image-605\" alt=\"\" srcset=\"https:\/\/anctovillesurboscq.fr\/wp-content\/uploads\/2018\/02\/Cr\u00e9che-les-Amis-de-Saint-Martin.jpg 500w, https:\/\/anctovillesurboscq.fr\/wp-content\/uploads\/2018\/02\/Cr\u00e9che-les-Amis-de-Saint-Martin-300x211.jpg 300w\" sizes=\"(max-width: 500px) 100vw, 500px\" \/>\t\t\t\t\t\t\t\t\t\t\t\t\t\t\t<\/div>\n\t\t\t\t<\/div>\n\t\t\t\t\t<\/div>\n\t\t<\/div>\n\t\t\t\t<div class=\"elementor-column elementor-col-50 elementor-top-column elementor-element elementor-element-3fbd6c1\" data-id=\"3fbd6c1\" data-element_type=\"column\" data-e-type=\"column\">\n\t\t\t<div class=\"elementor-widget-wrap elementor-element-populated\">\n\t\t\t\t\t\t<div class=\"elementor-element elementor-element-f15beac elementor-widget elementor-widget-text-editor\" data-id=\"f15beac\" data-element_type=\"widget\" data-e-type=\"widget\" data-widget_type=\"text-editor.default\">\n\t\t\t\t<div class=\"elementor-widget-container\">\n\t\t\t\t\t\t\t\t\t<p>La Pr\u00e9sidente Mme\u00a0BOUCEY Elise-Marie.<\/p>\t\t\t\t\t\t\t\t<\/div>\n\t\t\t\t<\/div>\n\t\t\t\t\t<\/div>\n\t\t<\/div>\n\t\t\t\t\t<\/div>\n\t\t<\/section>\n\t\t\t\t<section class=\"elementor-section elementor-top-section elementor-element elementor-element-b31fed9 elementor-section-boxed elementor-section-height-default elementor-section-height-default\" data-id=\"b31fed9\" data-element_type=\"section\" data-e-type=\"section\">\n\t\t\t\t\t\t<div class=\"elementor-container elementor-column-gap-default\">\n\t\t\t\t\t<div class=\"elementor-column elementor-col-100 elementor-top-column elementor-element elementor-element-38ac04f\" data-id=\"38ac04f\" data-element_type=\"column\" data-e-type=\"column\">\n\t\t\t<div class=\"elementor-widget-wrap elementor-element-populated\">\n\t\t\t\t\t\t<div class=\"elementor-element elementor-element-3c6f8f6 elementor-widget elementor-widget-text-editor\" data-id=\"3c6f8f6\" data-element_type=\"widget\" data-e-type=\"widget\" data-widget_type=\"text-editor.default\">\n\t\t\t\t<div class=\"elementor-widget-container\">\n\t\t\t\t\t\t\t\t\t<h1>Le Collectif \u00ab\u00a0Pourkoipetits\u00a0\u00bb<\/h1>\t\t\t\t\t\t\t\t<\/div>\n\t\t\t\t<\/div>\n\t\t\t\t\t<\/div>\n\t\t<\/div>\n\t\t\t\t\t<\/div>\n\t\t<\/section>\n\t\t\t\t<section class=\"elementor-section elementor-top-section elementor-element elementor-element-8586623 elementor-section-boxed elementor-section-height-default elementor-section-height-default\" data-id=\"8586623\" data-element_type=\"section\" data-e-type=\"section\">\n\t\t\t\t\t\t<div class=\"elementor-container elementor-column-gap-default\">\n\t\t\t\t\t<div class=\"elementor-column elementor-col-50 elementor-top-column elementor-element elementor-element-a2fd40d\" data-id=\"a2fd40d\" data-element_type=\"column\" data-e-type=\"column\">\n\t\t\t<div class=\"elementor-widget-wrap elementor-element-populated\">\n\t\t\t\t\t\t<div class=\"elementor-element elementor-element-4bf666d elementor-widget__width-initial elementor-widget elementor-widget-image\" data-id=\"4bf666d\" data-element_type=\"widget\" data-e-type=\"widget\" data-widget_type=\"image.default\">\n\t\t\t\t<div class=\"elementor-widget-container\">\n\t\t\t\t\t\t\t\t\t\t\t\t\t\t\t<img loading=\"lazy\" decoding=\"async\" width=\"1024\" height=\"575\" src=\"https:\/\/anctovillesurboscq.fr\/wp-content\/uploads\/2018\/02\/Char-Pourkoipetit-2018-1024x575.jpg\" class=\"attachment-large size-large wp-image-757\" alt=\"\" srcset=\"https:\/\/anctovillesurboscq.fr\/wp-content\/uploads\/2018\/02\/Char-Pourkoipetit-2018-1024x575.jpg 1024w, https:\/\/anctovillesurboscq.fr\/wp-content\/uploads\/2018\/02\/Char-Pourkoipetit-2018-300x169.jpg 300w, https:\/\/anctovillesurboscq.fr\/wp-content\/uploads\/2018\/02\/Char-Pourkoipetit-2018-768x431.jpg 768w, https:\/\/anctovillesurboscq.fr\/wp-content\/uploads\/2018\/02\/Char-Pourkoipetit-2018-1320x741.jpg 1320w\" sizes=\"(max-width: 1024px) 100vw, 1024px\" \/>\t\t\t\t\t\t\t\t\t\t\t\t\t\t\t<\/div>\n\t\t\t\t<\/div>\n\t\t\t\t\t<\/div>\n\t\t<\/div>\n\t\t\t\t<div class=\"elementor-column elementor-col-50 elementor-top-column elementor-element elementor-element-a9ea748\" data-id=\"a9ea748\" data-element_type=\"column\" data-e-type=\"column\">\n\t\t\t<div class=\"elementor-widget-wrap elementor-element-populated\">\n\t\t\t\t\t\t<div class=\"elementor-element elementor-element-5a2c837 elementor-widget elementor-widget-text-editor\" data-id=\"5a2c837\" data-element_type=\"widget\" data-e-type=\"widget\" data-widget_type=\"text-editor.default\">\n\t\t\t\t<div class=\"elementor-widget-container\">\n\t\t\t\t\t\t\t\t\t<p>Le Pr\u00e9sident Monsieur Bruno BOUCAULT.<\/p>\t\t\t\t\t\t\t\t<\/div>\n\t\t\t\t<\/div>\n\t\t\t\t\t<\/div>\n\t\t<\/div>\n\t\t\t\t\t<\/div>\n\t\t<\/section>\n\t\t\t\t<section class=\"elementor-section elementor-top-section elementor-element elementor-element-36e4996 elementor-section-boxed elementor-section-height-default elementor-section-height-default\" data-id=\"36e4996\" data-element_type=\"section\" data-e-type=\"section\">\n\t\t\t\t\t\t<div class=\"elementor-container elementor-column-gap-default\">\n\t\t\t\t\t<div class=\"elementor-column elementor-col-100 elementor-top-column elementor-element elementor-element-400bd0c\" data-id=\"400bd0c\" data-element_type=\"column\" data-e-type=\"column\">\n\t\t\t<div class=\"elementor-widget-wrap elementor-element-populated\">\n\t\t\t\t\t\t<div class=\"elementor-element elementor-element-107374c elementor-widget elementor-widget-text-editor\" data-id=\"107374c\" data-element_type=\"widget\" data-e-type=\"widget\" data-widget_type=\"text-editor.default\">\n\t\t\t\t<div class=\"elementor-widget-container\">\n\t\t\t\t\t\t\t\t\t<h1><strong>L\u2019association des Anciens Combattants<\/strong><\/h1>\t\t\t\t\t\t\t\t<\/div>\n\t\t\t\t<\/div>\n\t\t\t\t\t<\/div>\n\t\t<\/div>\n\t\t\t\t\t<\/div>\n\t\t<\/section>\n\t\t\t\t<section class=\"elementor-section elementor-top-section elementor-element elementor-element-d1dc8e0 elementor-section-boxed elementor-section-height-default elementor-section-height-default\" data-id=\"d1dc8e0\" data-element_type=\"section\" data-e-type=\"section\">\n\t\t\t\t\t\t<div class=\"elementor-container elementor-column-gap-default\">\n\t\t\t\t\t<div class=\"elementor-column elementor-col-50 elementor-top-column elementor-element elementor-element-8ef7f14\" data-id=\"8ef7f14\" data-element_type=\"column\" data-e-type=\"column\">\n\t\t\t<div class=\"elementor-widget-wrap elementor-element-populated\">\n\t\t\t\t\t\t<div class=\"elementor-element elementor-element-e54ee17 elementor-widget__width-initial elementor-widget elementor-widget-image\" data-id=\"e54ee17\" data-element_type=\"widget\" data-e-type=\"widget\" data-widget_type=\"image.default\">\n\t\t\t\t<div class=\"elementor-widget-container\">\n\t\t\t\t\t\t\t\t\t\t\t\t\t\t\t<img loading=\"lazy\" decoding=\"async\" width=\"768\" height=\"1024\" src=\"https:\/\/anctovillesurboscq.fr\/wp-content\/uploads\/2020\/05\/IMG_20200508_081036-768x1024.jpg\" class=\"attachment-large size-large wp-image-2568\" alt=\"\" srcset=\"https:\/\/anctovillesurboscq.fr\/wp-content\/uploads\/2020\/05\/IMG_20200508_081036-768x1024.jpg 768w, https:\/\/anctovillesurboscq.fr\/wp-content\/uploads\/2020\/05\/IMG_20200508_081036-225x300.jpg 225w, https:\/\/anctovillesurboscq.fr\/wp-content\/uploads\/2020\/05\/IMG_20200508_081036-1152x1536.jpg 1152w, https:\/\/anctovillesurboscq.fr\/wp-content\/uploads\/2020\/05\/IMG_20200508_081036-1536x2048.jpg 1536w, https:\/\/anctovillesurboscq.fr\/wp-content\/uploads\/2020\/05\/IMG_20200508_081036-1320x1760.jpg 1320w\" sizes=\"(max-width: 768px) 100vw, 768px\" \/>\t\t\t\t\t\t\t\t\t\t\t\t\t\t\t<\/div>\n\t\t\t\t<\/div>\n\t\t\t\t\t<\/div>\n\t\t<\/div>\n\t\t\t\t<div class=\"elementor-column elementor-col-50 elementor-top-column elementor-element elementor-element-b69d99b\" data-id=\"b69d99b\" data-element_type=\"column\" data-e-type=\"column\">\n\t\t\t<div class=\"elementor-widget-wrap elementor-element-populated\">\n\t\t\t\t\t\t\t<\/div>\n\t\t<\/div>\n\t\t\t\t\t<\/div>\n\t\t<\/section>\n\t\t\t\t<\/div>\n\t\t","protected":false},"excerpt":{"rendered":"<p>Le comit\u00e9 des f\u00eates Pr\u00e9sident : Nolan BOUCAULT cof.anctovillesurboscq@gmail.com Les Solexins L&rsquo;association a \u00e9t\u00e9 cr\u00e9\u00e9 en 2013 \u00e0 l\u2019initiative de Serge Martin par une troupe de copains amoureux du seul deux roues motoris\u00e9 qui&#46;&#46;&#46;<\/p>\n","protected":false},"author":2,"featured_media":0,"parent":0,"menu_order":0,"comment_status":"closed","ping_status":"closed","template":"","meta":{"_monsterinsights_skip_tracking":false,"_monsterinsights_sitenote_active":false,"_monsterinsights_sitenote_note":"","_monsterinsights_sitenote_category":0,"footnotes":""},"class_list":["post-445","page","type-page","status-publish","hentry"],"_links":{"self":[{"href":"https:\/\/anctovillesurboscq.fr\/index.php?rest_route=\/wp\/v2\/pages\/445","targetHints":{"allow":["GET"]}}],"collection":[{"href":"https:\/\/anctovillesurboscq.fr\/index.php?rest_route=\/wp\/v2\/pages"}],"about":[{"href":"https:\/\/anctovillesurboscq.fr\/index.php?rest_route=\/wp\/v2\/types\/page"}],"author":[{"embeddable":true,"href":"https:\/\/anctovillesurboscq.fr\/index.php?rest_route=\/wp\/v2\/users\/2"}],"replies":[{"embeddable":true,"href":"https:\/\/anctovillesurboscq.fr\/index.php?rest_route=%2Fwp%2Fv2%2Fcomments&post=445"}],"version-history":[{"count":0,"href":"https:\/\/anctovillesurboscq.fr\/index.php?rest_route=\/wp\/v2\/pages\/445\/revisions"}],"wp:attachment":[{"href":"https:\/\/anctovillesurboscq.fr\/index.php?rest_route=%2Fwp%2Fv2%2Fmedia&parent=445"}],"curies":[{"name":"wp","href":"https:\/\/api.w.org\/{rel}","templated":true}]}}