{"id":247,"date":"2018-01-31T16:52:40","date_gmt":"2018-01-31T15:52:40","guid":{"rendered":"http:\/\/anctovillesurboscq.fr\/?page_id=247"},"modified":"2023-01-11T17:29:40","modified_gmt":"2023-01-11T16:29:40","slug":"demarches-et-formalites","status":"publish","type":"page","link":"https:\/\/anctovillesurboscq.fr\/?page_id=247","title":{"rendered":"D\u00e9marches et Formalit\u00e9s"},"content":{"rendered":"<h2><strong>Carte Nationale d\u2019Identit\u00e9 et Passeport<\/strong><\/h2>\n<p><img decoding=\"async\" class=\"aligncenter wp-image-361 size-thumbnail\" src=\"http:\/\/anctovillesurboscq.fr\/wp-content\/uploads\/2018\/01\/ci-150x150.jpg\" alt=\"\" width=\"150\" height=\"150\" srcset=\"https:\/\/anctovillesurboscq.fr\/wp-content\/uploads\/2018\/01\/ci-150x150.jpg 150w, https:\/\/anctovillesurboscq.fr\/wp-content\/uploads\/2018\/01\/ci-300x300.jpg 300w, https:\/\/anctovillesurboscq.fr\/wp-content\/uploads\/2018\/01\/ci-160x160.jpg 160w, https:\/\/anctovillesurboscq.fr\/wp-content\/uploads\/2018\/01\/ci-320x320.jpg 320w, https:\/\/anctovillesurboscq.fr\/wp-content\/uploads\/2018\/01\/ci.jpg 626w\" sizes=\"(max-width: 150px) 100vw, 150px\" \/><\/p>\n<p>Depuis le 02 mars 2017, les demandes de cartes nationales d\u2019identit\u00e9 (CNI) sont d\u00e9sormais trait\u00e9es selon les m\u00eames modalit\u00e9s que les demandes de passeports biom\u00e9triques\u00a0aupr\u00e8s des seules mairies \u00e9quip\u00e9es de dispositifs de recueil. <a href=\"https:\/\/anctovillesurboscq.fr\/wp-content\/uploads\/2023\/01\/MairieshabiliteesCNIpasseportsdanslaManchecoordonnees.pdf\" target=\"_blank\" rel=\"noopener\">liste des communes habilit\u00e9es<\/a><\/p>\n<p>Les demandes de CNI et PASSEPORT se font uniquement sur rendez-vous.<\/p>\n<div class=\"su-box su-box-style-soft\" id=\"\" style=\"border-color:#074d00;border-radius:3px;max-width:none\"><div class=\"su-box-title\" style=\"background-color:#3a800c;color:#FFFFFF;border-top-left-radius:1px;border-top-right-radius:1px\">AGORA<\/div><div class=\"su-box-content su-u-clearfix su-u-trim\" style=\"border-bottom-left-radius:1px;border-bottom-right-radius:1px\">\n<p>Service Passeport et CNI<\/p>\n<p>361 rue Saint Nicolas &#8211; 50400 Granville<\/p>\n<p>T\u00e9l\u00e9phone\u00a0: 02 33 50 96 06 &#8211;\u00a0Email\u00a0:\u00a0<a href=\"mailto:lagora@ville-granville.fr\" target=\"_blank\" rel=\"noopener noreferrer\">lagora[@]ville-granville.fr<\/a><\/p>\n<p>Heures d\u2019ouvertures : du lundi au vendredi de 9h \u00e0 11h30 et de 12 h \u00e0 17h<\/p>\n<\/div><\/div>\n<h3><strong>Pi\u00e8ces \u00e0 fournir <a href=\"https:\/\/anctovillesurboscq.fr\/wp-content\/uploads\/2023\/01\/document-a-fournir-CNI-PASSEPORT.pdf\" target=\"_blank\" rel=\"noopener\">cliquer ici<\/a><\/strong><\/h3>\n<blockquote><p>Pour gagner du temps vous pouvez faire votre\u00a0 pr\u00e9-demande en <a href=\"https:\/\/www.service-public.fr\/particuliers\/vosdroits\/R45668\" target=\"_blank\" rel=\"noopener noreferrer\">ligne<\/a>.<\/p><\/blockquote>\n<h3><strong>Dur\u00e9e de validit\u00e9 du titre d\u2019identit\u00e9\u00a0<\/strong><\/h3>\n<p>Depuis le 1er janvier 2014, la dur\u00e9e de validit\u00e9 des CNI est de 15 ans sauf pour les mineurs (10 ans). Cette mesure s\u2019applique \u00e9galement aux CNI en cours de validit\u00e9 \u00e0 cette date (pour les CNI d\u00e9livr\u00e9es entre le 2 janvier 2004 et le 31 d\u00e9cembre 2013). Ainsi, la date limite de validit\u00e9 inscrite sur ces titres ne correspond pas \u00e0 leur dur\u00e9e de validit\u00e9 r\u00e9glementaire. Ce d\u00e9calage est source de difficult\u00e9s pour les usagers titulaires de ces titres qui souhaitent se rendre \u00e0 l\u2019\u00e9tranger, et ce en d\u00e9pit des campagnes d\u2019information men\u00e9es aupr\u00e8s des Etats concern\u00e9s et des compagnies a\u00e9riennes. Afin d\u2019y rem\u00e9dier, il a \u00e9t\u00e9 autoris\u00e9 le renouvellement des CNI facialement p\u00e9rim\u00e9es avant leur date d\u2019\u00e9ch\u00e9ance l\u00e9gale.<\/p>\n<p>Attention, cet assouplissement s\u2019accompagne de deux conditions cumulatives\u00a0: l\u2019usager ne doit pas \u00eatre titulaire d\u2019un passeport valide et il doit apporter la preuve d\u2019un voyage dans un pays acceptant la CNI comme document de voyage.<\/p>\n<h2><strong>Recensement militaire (ou recensement citoyen)<\/strong><\/h2>\n<p>Le jeune doit faire la d\u00e9marche lui-m\u00eame. S\u2019il est mineur, il peut se faire repr\u00e9senter par l\u2019un de ses parents. Il doit se rendre \u00e0 la mairie avec les documents suivants\u00a0:<\/p>\n<ul>\n<li>Pi\u00e8ce d\u2019identit\u00e9 justifiant de la nationalit\u00e9 fran\u00e7aise (carte nationale d\u2019identit\u00e9 ou passeport)<\/li>\n<li>Livret de famille.<\/li>\n<\/ul>\n<p>La d\u00e9marche peut se faire en <a href=\"http:\/\/service-public.fr\/particuliers\/vosdroits\/R2054\" target=\"_blank\" rel=\"noopener noreferrer\">ligne<\/a>.<\/p>\n<p>L&rsquo;organisation de ma JDC maintenant en <a href=\"https:\/\/presaje.sga.defense.gouv.fr\/#monCompte\" target=\"_blank\" rel=\"noopener noreferrer\">ligne\u00a0<\/a><\/p>\n<h3><span class=\"su-label su-label-type-success\">Mon compte me permet de<\/span><\/h3>\n<div class=\"su-list\" style=\"margin-left:0px\">\n<ul>\n<li><i class=\"sui sui-share\" style=\"color:#333\"><\/i> Dialoguer avec mon centre de service national et obtenir toutes les informations pratiques sur ma JDC<\/li>\n<li><i class=\"sui sui-share\" style=\"color:#333\"><\/i> T\u00e9l\u00e9charger ma convocation et obtenir des informations sur le lieu de ma JDC<\/li>\n<li><i class=\"sui sui-share\" style=\"color:#333\"><\/i> T\u00e9l\u00e9charger mon attestation de participation pour pouvoir passer mes examens et mon permis de conduire<\/div><\/li>\n<\/ul>\n<p><a href=\"http:\/\/anctovillesurboscq.fr\/wp-content\/uploads\/2018\/05\/mini-guide-recensement-2018.pdf\" target=\"_blank\" rel=\"noopener noreferrer\"><img decoding=\"async\" class=\"aligncenter size-medium wp-image-861\" src=\"http:\/\/anctovillesurboscq.fr\/wp-content\/uploads\/2018\/05\/plaquette-pr\u00e9sentation-300x82.jpg\" alt=\"\" width=\"300\" height=\"82\" srcset=\"https:\/\/anctovillesurboscq.fr\/wp-content\/uploads\/2018\/05\/plaquette-pr\u00e9sentation-300x82.jpg 300w, https:\/\/anctovillesurboscq.fr\/wp-content\/uploads\/2018\/05\/plaquette-pr\u00e9sentation.jpg 356w\" sizes=\"(max-width: 300px) 100vw, 300px\" \/><\/a><\/p>\n<h2><strong>Site unique du justiciable<\/strong><\/h2>\n<p><a href=\"http:\/\/www.justice.fr\/\" target=\"_blank\" rel=\"noopener noreferrer\">Justice.fr<\/a> est un portail unique pour conna\u00eetre ses droits et s\u2019informer de toutes les d\u00e9marches auxquelles peut \u00eatre confront\u00e9 un justiciable. Il est accessible en continu et permet \u00e0 tout citoyen d\u2019acc\u00e9der \u00e0 une information fiable, et gratuite sur ses droits.<\/p>\n","protected":false},"excerpt":{"rendered":"<p>Carte Nationale d\u2019Identit\u00e9 et Passeport Depuis le 02 mars 2017, les demandes de cartes nationales d\u2019identit\u00e9 (CNI) sont d\u00e9sormais trait\u00e9es selon les m\u00eames modalit\u00e9s que les demandes de passeports biom\u00e9triques\u00a0aupr\u00e8s des seules mairies \u00e9quip\u00e9es&#46;&#46;&#46;<\/p>\n","protected":false},"author":2,"featured_media":0,"parent":38,"menu_order":0,"comment_status":"closed","ping_status":"closed","template":"","meta":{"_monsterinsights_skip_tracking":false,"_monsterinsights_sitenote_active":false,"_monsterinsights_sitenote_note":"","_monsterinsights_sitenote_category":0,"footnotes":""},"class_list":["post-247","page","type-page","status-publish","hentry"],"_links":{"self":[{"href":"https:\/\/anctovillesurboscq.fr\/index.php?rest_route=\/wp\/v2\/pages\/247","targetHints":{"allow":["GET"]}}],"collection":[{"href":"https:\/\/anctovillesurboscq.fr\/index.php?rest_route=\/wp\/v2\/pages"}],"about":[{"href":"https:\/\/anctovillesurboscq.fr\/index.php?rest_route=\/wp\/v2\/types\/page"}],"author":[{"embeddable":true,"href":"https:\/\/anctovillesurboscq.fr\/index.php?rest_route=\/wp\/v2\/users\/2"}],"replies":[{"embeddable":true,"href":"https:\/\/anctovillesurboscq.fr\/index.php?rest_route=%2Fwp%2Fv2%2Fcomments&post=247"}],"version-history":[{"count":0,"href":"https:\/\/anctovillesurboscq.fr\/index.php?rest_route=\/wp\/v2\/pages\/247\/revisions"}],"up":[{"embeddable":true,"href":"https:\/\/anctovillesurboscq.fr\/index.php?rest_route=\/wp\/v2\/pages\/38"}],"wp:attachment":[{"href":"https:\/\/anctovillesurboscq.fr\/index.php?rest_route=%2Fwp%2Fv2%2Fmedia&parent=247"}],"curies":[{"name":"wp","href":"https:\/\/api.w.org\/{rel}","templated":true}]}}