{"id":198,"date":"2018-01-29T12:07:11","date_gmt":"2018-01-29T11:07:11","guid":{"rendered":"http:\/\/anctovillesurboscq.fr\/?page_id=198"},"modified":"2026-04-08T16:25:07","modified_gmt":"2026-04-08T14:25:07","slug":"mentions-legales","status":"publish","type":"page","link":"https:\/\/anctovillesurboscq.fr\/?page_id=198","title":{"rendered":"Mentions l\u00e9gales"},"content":{"rendered":"<h2><b>\u00c9diteur<\/b><\/h2>\n<ul>\n<li>Commune d\u2019Anctoville-sur-Boscq situ\u00e9e 1 PLACE DE LA MAIRIE\u00a050400 ANCTOVILLE-SUR-BOSCQ &#8211;\u00a0France, t\u00e9l\u00e9phone :\u00a002 33 50 28 62, courriel :\u00a0<a href=\"mailto:mairie.anctovillesurboscq@wanadoo.fr\">mairie.anctovillesurboscq@wanadoo.fr<\/a><\/li>\n<li>Directeur de publication : Fran\u00e7ois LEMOINE, Maire d\u2019Anctoville-sur-Boscq<\/li>\n<li>Responsable \u00e9ditorial : Nathalie HATLAS, R\u00e9dacteur<\/li>\n<\/ul>\n<h2><strong>H\u00e9bergement<\/strong><\/h2>\n<p>OVH SAS &#8211;\u00a02 RUE KELLERMANN\u00a059100 ROUBAIX\u00a0France<\/p>\n<h2><strong>Cr\u00e9ation<\/strong><\/h2>\n<p>Charte graphique et ergonomique \u2013 Int\u00e9gration \/ adaptation \/ cr\u00e9ation \u2013 Actualisation : Mairie d\u2019Anctoville-sur-Boscq<\/p>\n<h2><strong>Objectif et qualit\u00e9 des contenus<\/strong><\/h2>\n<p>Ce site a pour objectif d\u2019informer les habitants de la Commune d\u2019Anctoville des activit\u00e9s et des \u00e9v\u00e9nements qui se d\u00e9roulent sur la Commune. Il a \u00e9galement pour but de communiquer sur la vie institutionnelle de la Commune au travers de compte rendus de Conseil Municipal et de bulletins municipaux.<\/p>\n<h2><strong>Propri\u00e9t\u00e9 intellectuelle<\/strong><\/h2>\n<p>Le pr\u00e9sent site est la propri\u00e9t\u00e9 de la Mairie d\u2019Anctoville-sur-Boscq.<\/p>\n<p>Les marques verbales et visuelles (logos) constituent une \u0153uvre prot\u00e9g\u00e9e en France par le Code de Propri\u00e9t\u00e9 Intellectuelle, et \u00e0 l\u2019\u00e9tranger par les Conventions Internationales relative au Droit d\u2019auteur. Leur utilisation ou reproduction partielle ou totale est soumise \u00e0 une autorisation pr\u00e9alable \u00e9crite sous peine de poursuites p\u00e9nales et civiles au titre du d\u00e9lit de contrefa\u00e7on.<\/p>\n<h2><strong>Protection de la vie priv\u00e9e et confidentialit\u00e9<\/strong><\/h2>\n<p>Les utilisateurs du site de la Mairie d\u2019Anctoville-sur-Boscq sont tenus de respecter les dispositions de la loi Informatique et libert\u00e9s dont la violation est passible de sanctions p\u00e9nales. Ils doivent notamment s\u2019abstenir, s\u2019agissant des informations nominatives auxquelles ils acc\u00e8dent, de toute collecte, toute utilisation d\u00e9tourn\u00e9e et, d\u2019une mani\u00e8re g\u00e9n\u00e9rale, de tout acte susceptible de porter atteinte \u00e0 la vie priv\u00e9e ou \u00e0 la r\u00e9putation des personnes.<\/p>\n<h2><strong>Absence de garantie<\/strong><\/h2>\n<p>Nous ne garantissons pas que ce site soit exempt de d\u00e9faut, d\u2019erreur ou d\u2019omission et qu\u2019il corresponde exactement \u00e0 l\u2019usage auquel l\u2019utilisateur le destine. Nous ne pouvons en aucun cas \u00eatre tenus responsables des \u00e9ventuels d\u00e9fauts, erreurs ou omissions existant dans ce site, et des \u00e9ventuelles pertes financi\u00e8res ou autres dommages pouvant en r\u00e9sulter.<\/p>\n<h2><strong>Liens hypertextes<\/strong><\/h2>\n<p>Les liens hypertextes mis en place dans le cadre du pr\u00e9sent site Web en direction d\u2019autres ressources pr\u00e9sentes sur le r\u00e9seau Internet ne sauraient engager la responsabilit\u00e9 de la Mairie d\u2019Anctoville-sur-Boscq. Les utilisateurs et visiteurs du site Web ne peuvent mettre en place un hyperlien en direction de ce site sans l\u2019autorisation expresse et pr\u00e9alable de la Mairie d\u2019Anctoville-sur-Boscq.<\/p>\n<h2><strong>Donn\u00e9es personnelles <\/strong><\/h2>\n<p>La Commune d\u2019Anctoville-sur-Boscq traite vos donn\u00e9es personnelles d\u00e8s que vous utilisez le formulaire de contact et lorsque vous vous inscrivez \u00e0 la newsletter. Il s\u2019agit de deux traitements distincts de vos donn\u00e9es. La Commune s\u2019engage \u00e0 ce que les traitements de donn\u00e9es personnelles soient conformes au R\u00e8glement G\u00e9n\u00e9ral sur la Protection des Donn\u00e9es (r\u00e8glement n\u1d52 2016\/679 dit RGPD) et \u00e0 la Loi Informatique et Libert\u00e9s (loi n<sup>o<\/sup> 78-17 du 6 janvier 1978).<\/p>\n<h3><strong>Traitement\u00a0: Inscription \u00e0 la Newsletter <\/strong><\/h3>\n<p>Le traitement de vos donn\u00e9es via le site internet a pour finalit\u00e9\u00a0de permettre aux administr\u00e9s de s\u2019informer sur la vie de la Commune.<\/p>\n<h4>Il permet de\u00a0:<\/h4>\n<ul>\n<li>Gestion des inscriptions sur la liste de diffusion<\/li>\n<li>Envoi de la lettre d\u2019information aux personnes inscrites<\/li>\n<li>Gestion des demandes de d\u00e9sinscription<\/li>\n<\/ul>\n<h4>Base l\u00e9gale :<\/h4>\n<p>le traitement a pour base l\u00e9gale le consentement selon l\u2019article 6.1 a)\u00a0\u00ab\u00a0<em>la personne concern\u00e9e a consenti au traitement de ses donn\u00e9es \u00e0 caract\u00e8re personnel pour une ou plusieurs finalit\u00e9s sp\u00e9cifiques<\/em> \u00bb.L\u2019administr\u00e9 s\u2019inscrit librement \u00e0 la Newsletter<\/p>\n<p><strong>Cat\u00e9gories de donn\u00e9es trait\u00e9es<\/strong><\/p>\n<p>Donn\u00e9es d\u2019identification (Nom, Pr\u00e9nom, email)<\/p>\n<p>Ces informations sont recueillies aupr\u00e8s de l\u2019administr\u00e9.<\/p>\n<p>Le traitement ne pr\u00e9voit pas de prise de d\u00e9cisions automatis\u00e9e.<\/p>\n<h4>Les destinataires des donn\u00e9es sont\u00a0:<\/h4>\n<ul>\n<li>Le Maire<\/li>\n<li>Le Secr\u00e9tariat de la Mairie<\/li>\n<\/ul>\n<h4>Dur\u00e9e de conservation\u00a0:<\/h4>\n<p>Les donn\u00e9es relatives \u00e0 l\u2019inscription \u00e0 la newsletter sont conserv\u00e9es jusqu\u2019\u00e0 retrait du consentement.<\/p>\n<p>Les personnes concern\u00e9es par le traitement de leurs donn\u00e9es sont les personnes qui s\u2019inscrivent \u00e0 la newsletter de la Commune.<\/p>\n<h3><strong>Traitement\u00a0: Formulaire de contact <\/strong><\/h3>\n<p>Le traitement de vos donn\u00e9es via le site internet a pour finalit\u00e9 de permettre aux administr\u00e9s d\u2019entrer en contact avec la Commune.<\/p>\n<h4>Il permet de\u00a0:<\/h4>\n<ul>\n<li>Recueillir les avis et besoins des usagers afin d\u2019am\u00e9liorer la vie au sein de la collectivit\u00e9<\/li>\n<\/ul>\n<h4>Base l\u00e9gale :<\/h4>\n<p>Le traitement a pour base l\u00e9gale le consentement.<\/p>\n<p>Article 6.1 a)\u00a0\u00ab\u00a0<em>la personne concern\u00e9e a consenti au traitement de ses donn\u00e9es \u00e0 caract\u00e8re personnel pour une ou plusieurs finalit\u00e9s sp\u00e9cifiques<\/em>\u00a0\u00bb<\/p>\n<p>L\u2019administr\u00e9 entre en contact de son plein gr\u00e9 avec la Commune.<\/p>\n<h4>Cat\u00e9gories de donn\u00e9es trait\u00e9es<\/h4>\n<p>Donn\u00e9es d\u2019identification (Nom, Pr\u00e9nom, email)<\/p>\n<p>Ces informations sont recueillies aupr\u00e8s de l\u2019administr\u00e9.<\/p>\n<p>Le traitement ne pr\u00e9voit pas de prise de d\u00e9cisions automatis\u00e9e.<\/p>\n<p>Les personnes concern\u00e9es par le traitement de leurs donn\u00e9es sont les personnes qui formulent une demande ou une r\u00e9clamation au travers du formulaire de contact en ligne disponible sur le site.<\/p>\n<h4>Les destinataires des donn\u00e9es sont\u00a0:<\/h4>\n<ul>\n<li>Le Maire<\/li>\n<li>Le Secr\u00e9tariat de la Mairie<\/li>\n<\/ul>\n<h4>Dur\u00e9e de conservation\u00a0:<\/h4>\n<p>Les donn\u00e9es relatives \u00e0 l\u2019inscription \u00e0 la newsletter sont conserv\u00e9es jusqu\u2019\u00e0 retrait du consentement.<\/p>\n<h3><strong>Traitement\u00a0: Mod\u00e9ration de commentaires <\/strong><\/h3>\n<p>Le traitement de vos donn\u00e9es via le site internet a pour finalit\u00e9\u00a0de permettre aux administr\u00e9s de donner leur avis sur l\u2019actualit\u00e9 de la commune.<\/p>\n<h4><strong>Il permet de\u00a0:<\/strong><\/h4>\n<ul>\n<li>Identifier l\u2019usager<\/li>\n<li>Publier des commentaires<\/li>\n<li>Faire de la mod\u00e9ration de commentaires<\/li>\n<\/ul>\n<h4><strong>Base l\u00e9gale :<\/strong><\/h4>\n<p>Le traitement a pour base l\u00e9gale le respect des obligations l\u00e9gales de la collectivit\u00e9 du fait de son statut d\u2019h\u00e9bergeur de contenu (Art. 6 de la Loi n\u00b0 2004-575 du 21 juin 2004 pour la confiance dans l&rsquo;\u00e9conomie num\u00e9rique).<\/p>\n<h4><strong>Cat\u00e9gories de donn\u00e9es trait\u00e9es<\/strong><\/h4>\n<p>Donn\u00e9es d\u2019identification (Nom, Pr\u00e9nom, email)<\/p>\n<p>Donn\u00e9es de connexion<\/p>\n<p>Autres donn\u00e9es (Date et heure de publication, Contenu du commentaire)<\/p>\n<p>Ces informations sont recueillies aupr\u00e8s de l\u2019administr\u00e9.<\/p>\n<p>Le traitement ne pr\u00e9voit pas de prise de d\u00e9cisions automatis\u00e9e.<\/p>\n<h4><strong>Les destinataires des donn\u00e9es sont\u00a0:<\/strong><\/h4>\n<ul>\n<li>Toute personne visitant le site internet<\/li>\n<li>Le Maire<\/li>\n<li>Le Secr\u00e9tariat de la Mairie<\/li>\n<\/ul>\n<h4><strong>Dur\u00e9e de conservation\u00a0:<\/strong><\/h4>\n<p>Les donn\u00e9es de connexion sont conserv\u00e9es 1 an et les commentaires sont visibles jusqu\u2019\u00e0 leur retrait par la commune ou sur demande de l\u2019usager.<\/p>\n<p>Les personnes concern\u00e9es par le traitement de leurs donn\u00e9es sont les personnes qui se connectent et publient un commentaire.<\/p>\n<h2><strong>Vos droits <\/strong><\/h2>\n<p>Vous pouvez acc\u00e9der et obtenir une copie des donn\u00e9es vous concernant, vous opposer au traitement de ces donn\u00e9es, les faire rectifier ou les faire effacer. Vous disposez \u00e9galement d\u2019un droit \u00e0 la limitation du traitement de ces donn\u00e9es.<\/p>\n<p>Pour exercer ces droits, vous pouvez contacter la Commune d\u2019Anctoville-sur-Boscq<\/p>\n<ul>\n<li>Par courrier : Mairie d\u2019Anctoville-sur-Boscq \u2013 1 PLACE DE LA MAIRIE \u2013 50400 Anctoville-sur-Boscq<\/li>\n<li>Par email : mairie.anctovillesurboscq@wanadoo.fr<\/li>\n<\/ul>\n<p>Vous pouvez contacter le d\u00e9l\u00e9gu\u00e9 \u00e0 la protection des donn\u00e9es\u00a0:<\/p>\n<ul>\n<li><em><em>Par mail : <\/em><\/em>dpo@datavigiprotection.fr<\/li>\n<\/ul>\n<p>Si vous estimez apr\u00e8s nous avoir contact\u00e9 que vos droits ne sont pas respect\u00e9s, vous pouvez adresser une r\u00e9clamation aupr\u00e8s de la CNIL\u00a0:<\/p>\n<ul>\n<li><em>CNIL \u2013 3 Place de Fontenoy \u2013 TSA 80715 \u2013 75334 PARIS CEDEX 07<\/em><\/li>\n<li><em>T\u00e9l\u00e9phone\u00a0: 01.53.73.22.22<\/em><\/li>\n<li><a href=\"http:\/\/www.cnil.fr\"><em>cnil.fr<\/em><\/a><\/li>\n<\/ul>\n<h2>Informations sur les Cookies<\/h2>\n<h3>G\u00e9n\u00e9ralit\u00e9s sur les cookies<\/h3>\n<p>Un cookie est un petit fichier texte, souvent crypt\u00e9, stock\u00e9 dans le navigateur internet. Lors de la visite d\u2019un site Web, ce dernier envoie des informations au navigateur qui cr\u00e9e alors un fichier texte sur le terminal de r\u00e9ception (PC, t\u00e9l\u00e9phone, tablette, ou tout autre appareil), et qui contient des informations de visite sur ledit site. Les cookies sont n\u00e9cessaires pour faciliter la navigation et la rendre plus conviviale, et ils n\u2019endommagent pas l\u2019ordinateur.<\/p>\n<h3>Cookies utilis\u00e9s par le site web<\/h3>\n<p>Les cookies utilis\u00e9s par anctovillesurboscq.fr permettent de personnaliser le contenu du site afin d\u2019optimiser l\u2019exp\u00e9rience du visiteur ou du client. Ils permettent \u00e9galement d\u2019offrir des fonctionnalit\u00e9s relatives aux m\u00e9dias sociaux et d\u2019analyser le trafic. Des informations sur l\u2019utilisation du site sont partag\u00e9es avec des partenaires de m\u00e9dias sociaux, de publicit\u00e9 et d\u2019analyse, qui peuvent combiner celles-ci avec d\u2019autres informations qui leur ont \u00e9t\u00e9 fournies ou qu\u2019ils ont collect\u00e9es lors de l\u2019utilisation de leurs services.<\/p>\n<p>Plusieurs types de cookies peuvent \u00eatre install\u00e9s\u00a0:<\/p>\n<h4>Les cookies techniques de navigation<\/h4>\n<p>Les cookies techniques sont ceux utilis\u00e9s tout au long de la navigation qui sont soit strictement n\u00e9cessaires \u00e0 la fourniture du site, soit permettant de faciliter et d\u2019ex\u00e9cuter certaines fonctions sur le site. Un cookie technique permet par exemple d\u2019enregistrer le type et la version de votre navigateur, les dates et heures de visite, les identifiants de connexion, l\u2019historique et le contenu des commandes y compris en cas d\u2019achat non finalis\u00e9. Ainsi, lors de ses prochaines connexions, il n\u2019est plus n\u00e9cessaire de saisir certaines informations une nouvelle fois.<\/p>\n<h4>Les cookies de mesure d\u2019audience<\/h4>\n<p>Les cookies de mesure d\u2019audience permettent d\u2019\u00e9tablir des statistiques de fr\u00e9quentation, \u00e9valuer l\u2019ergonomie du site mais \u00e9galement de d\u00e9tecter des probl\u00e8mes de navigation dans le site ou encore d\u2019organiser certains contenus.<\/p>\n<h4>Les cookies publicitaires<\/h4>\n<p>Les cookies publicitaires permettent de reconna\u00eetre un utilisateur qui revient sur le site ou consulte un autre site internet. Gr\u00e2ce \u00e0 ces cookies, il est possible d\u2019effectuer le suivi des visiteurs au travers du site Web. Le but est d\u2019afficher des publicit\u00e9s qui sont pertinentes et int\u00e9ressantes.<\/p>\n<p>Des tiers (notamment des r\u00e9gies publicitaires, des r\u00e9seaux sociaux, des prestataires de services tels que des services de retargeting ou encore d\u2019analyse comportementale) peuvent \u00e9galement utiliser des cookies sur lesquels il n\u2019est pas possible d\u2019avoir le contr\u00f4le. Ces cookies peuvent avoir pour finalit\u00e9 d\u2019analyser les performances ou de permettre un ciblage adapt\u00e9 des publicit\u00e9s qui s\u2019affichent sur le navigateur internet.<\/p>\n<p>Pour b\u00e9n\u00e9ficier de l\u2019ensemble des fonctionnalit\u00e9s du site, il est pr\u00e9f\u00e9rable que l\u2019utilisateur accepte tous les cookies. Toutefois, l\u2019utilisateur peut s\u2019opposer \u00e0 l\u2019enregistrement de ces cookies en param\u00e9trant directement son navigateur Interne<\/p>\n<h3>Param\u00e9trage des diff\u00e9rents navigateurs<\/h3>\n<h4>Si vous utilisez le navigateur Internet Explorer<\/h4>\n<ul>\n<li>Dans Internet Explorer, cliquez sur le bouton Outils, puis sur Options Internet.<\/li>\n<li>Sous l\u2019onglet G\u00e9n\u00e9ral, sous Historique de navigation, cliquez sur Param\u00e8tres.<\/li>\n<li>Cliquez sur le bouton Afficher les fichiers.<\/li>\n<li>Cliquez sur l\u2019en-t\u00eate de colonne Nom pour trier tous les fichiers dans l\u2019ordre alphab\u00e9tique, puis parcourez la liste jusqu\u2019\u00e0 ce que vous voyiez des fichiers commen\u00e7ant par le pr\u00e9fixe \u00ab\u00a0Cookie\u00a0\u00bb (tous les cookies poss\u00e8dent ce pr\u00e9fixe et contiennent habituellement le nom du site Web qui a cr\u00e9\u00e9 le cookie).<\/li>\n<li>S\u00e9lectionnez-le ou les cookies comprenant le nom \u00ab anctovillesurboscq \u00bb et supprimez-les.<\/li>\n<li>Fermez la fen\u00eatre qui contient la liste des fichiers, puis cliquez deux fois sur OK pour retourner dans Internet Explorer.<\/li>\n<\/ul>\n<h4>Si vous utilisez le navigateur Firefox<\/h4>\n<ul>\n<li>Allez dans le menu Outils du navigateur puis s\u00e9lectionnez le menu Options.<\/li>\n<li>Dans la fen\u00eatre qui s\u2019affiche, choisissez \u00ab\u00a0Vie priv\u00e9e et s\u00e9curit\u00e9\u00a0\u00bb et cliquez sur \u00bb G\u00e9rer les donn\u00e9es\u00a0\u00bb.<\/li>\n<li>Rep\u00e9rez les fichiers qui contiennent le nom \u00ab anctovillesurboscq \u00bb S\u00e9lectionnez-les et supprimez-les.<\/li>\n<\/ul>\n<h4>Si vous utilisez le navigateur Safari<\/h4>\n<ul>\n<li>Dans votre navigateur, choisissez le menu \u00c9dition &gt; Pr\u00e9f\u00e9rences.<\/li>\n<li>Cliquez sur S\u00e9curit\u00e9.<\/li>\n<li>Cliquez sur Afficher les cookies.<\/li>\n<li>S\u00e9lectionnez les cookies qui contiennent le nom \u00ab anctovillesurboscq \u00bb et cliquez sur Effacer ou sur Tout effacer.<\/li>\n<li>Apr\u00e8s avoir supprim\u00e9 les cookies, cliquez sur Termin\u00e9.<\/li>\n<\/ul>\n<h4>Si vous utilisez le navigateur Google Chrome<\/h4>\n<ul>\n<li>Cliquez sur l\u2019ic\u00f4ne du menu Outils.<\/li>\n<li>S\u00e9lectionnez Options.<\/li>\n<li>Cliquez sur l\u2019onglet Options avanc\u00e9es et acc\u00e9dez \u00e0 la section \u00ab\u00a0Confidentialit\u00e9\u00a0\u00bb.<\/li>\n<\/ul>\n","protected":false},"excerpt":{"rendered":"<p>\u00c9diteur Commune d\u2019Anctoville-sur-Boscq situ\u00e9e 1 PLACE DE LA MAIRIE\u00a050400 ANCTOVILLE-SUR-BOSCQ &#8211;\u00a0France, t\u00e9l\u00e9phone :\u00a002 33 50 28 62, courriel :\u00a0mairie.anctovillesurboscq@wanadoo.fr Directeur de publication : Fran\u00e7ois LEMOINE, Maire d\u2019Anctoville-sur-Boscq Responsable \u00e9ditorial : Nathalie HATLAS, R\u00e9dacteur H\u00e9bergement&#46;&#46;&#46;<\/p>\n","protected":false},"author":2,"featured_media":0,"parent":0,"menu_order":0,"comment_status":"closed","ping_status":"closed","template":"","meta":{"footnotes":""},"class_list":["post-198","page","type-page","status-publish","hentry"],"_links":{"self":[{"href":"https:\/\/anctovillesurboscq.fr\/index.php?rest_route=\/wp\/v2\/pages\/198"}],"collection":[{"href":"https:\/\/anctovillesurboscq.fr\/index.php?rest_route=\/wp\/v2\/pages"}],"about":[{"href":"https:\/\/anctovillesurboscq.fr\/index.php?rest_route=\/wp\/v2\/types\/page"}],"author":[{"embeddable":true,"href":"https:\/\/anctovillesurboscq.fr\/index.php?rest_route=\/wp\/v2\/users\/2"}],"replies":[{"embeddable":true,"href":"https:\/\/anctovillesurboscq.fr\/index.php?rest_route=%2Fwp%2Fv2%2Fcomments&post=198"}],"version-history":[{"count":1,"href":"https:\/\/anctovillesurboscq.fr\/index.php?rest_route=\/wp\/v2\/pages\/198\/revisions"}],"predecessor-version":[{"id":9212,"href":"https:\/\/anctovillesurboscq.fr\/index.php?rest_route=\/wp\/v2\/pages\/198\/revisions\/9212"}],"wp:attachment":[{"href":"https:\/\/anctovillesurboscq.fr\/index.php?rest_route=%2Fwp%2Fv2%2Fmedia&parent=198"}],"curies":[{"name":"wp","href":"https:\/\/api.w.org\/{rel}","templated":true}]}}