{"id":1561,"date":"2019-02-01T15:17:29","date_gmt":"2019-02-01T14:17:29","guid":{"rendered":"https:\/\/anctovillesurboscq.fr\/?page_id=1561"},"modified":"2025-09-29T11:07:29","modified_gmt":"2025-09-29T09:07:29","slug":"site-officiel","status":"publish","type":"page","link":"https:\/\/anctovillesurboscq.fr\/","title":{"rendered":"Site Officiel"},"content":{"rendered":"\t\t<div data-elementor-type=\"wp-page\" data-elementor-id=\"1561\" class=\"elementor elementor-1561\">\n\t\t\t\t\t\t<section class=\"elementor-section elementor-top-section elementor-element elementor-element-162db374 elementor-section-boxed elementor-section-height-default elementor-section-height-default\" data-id=\"162db374\" data-element_type=\"section\" data-e-type=\"section\">\n\t\t\t\t\t\t<div class=\"elementor-container elementor-column-gap-default\">\n\t\t\t\t\t<div class=\"elementor-column elementor-col-100 elementor-top-column elementor-element elementor-element-1bb8e617\" data-id=\"1bb8e617\" data-element_type=\"column\" data-e-type=\"column\">\n\t\t\t<div class=\"elementor-widget-wrap elementor-element-populated\">\n\t\t\t\t\t\t<div class=\"elementor-element elementor-element-773d1c76 elementor-widget elementor-widget-text-editor\" data-id=\"773d1c76\" data-element_type=\"widget\" data-e-type=\"widget\" data-widget_type=\"text-editor.default\">\n\t\t\t\t<div class=\"elementor-widget-container\">\n\t\t\t\t\t\t\t\t\t\n<p>Anctoville-sur-Boscq est une commune r\u00e9tro littorale de l\u2019ouest de la Manche, proche de <a href=\"http:\/\/www.ville-granville.fr\/\">Granville<\/a>. Elle est caract\u00e9ris\u00e9e par la pr\u00e9sence d\u2019une ambiance paysag\u00e8re dominante, le bocage.<\/p>\n\n<p>Appartenant \u00e0 la Communaut\u00e9 de Communes Granville Terre et Mer, au canton de Br\u00e9hal et \u00e0 l\u2019arrondissement d\u2019Avranches,\u00a0Anctoville-sur-Boscq se situe \u00e0 6 km \u00e0 l\u2019est de Granville et \u00e0 50 kilom\u00e8tres du Mont Saint-Michel.<\/p>\n\n<p>Situ\u00e9e sur le plateau faiblement vallonn\u00e9 de la Manche centrale, le territoire communal d\u2019Anctoville-sur-Boscq pr\u00e9sente un relief caract\u00e9ristique de cette entit\u00e9 paysag\u00e8re. La rivi\u00e8re du Boscq, qui d\u00e9limite la commune au Nord et son affluent le ruisseau du Pont de C\u00e9, qui coupe le territoire communal selon une orientation Sud\/Nord, viennent ainsi entailler le plateau. Ce r\u00e9seau hydrographique conditionne largement le relief de la commune, lui donnant un aspect vallonn\u00e9.<\/p>\n\n<div class=\"wp-block-image\">\n<figure class=\"aligncenter\"><img fetchpriority=\"high\" decoding=\"async\" width=\"676\" height=\"244\" class=\"wp-image-207\" src=\"http:\/\/anctovillesurboscq.fr\/wp-content\/uploads\/2018\/01\/accessanctoville2.png\" alt=\"\" srcset=\"https:\/\/anctovillesurboscq.fr\/wp-content\/uploads\/2018\/01\/accessanctoville2.png 676w, https:\/\/anctovillesurboscq.fr\/wp-content\/uploads\/2018\/01\/accessanctoville2-300x108.png 300w\" sizes=\"(max-width: 676px) 100vw, 676px\" \/><\/figure>\n<\/div>\n\n<p>Les altitudes varient de 20 m\u00e8tres dans la vall\u00e9e du Boscq \u00e0 65 m\u00e8tres dans les points les plus hauts, de part et d\u2019autre du vallon du Pont de C\u00e9.<\/p>\n\n<p>Compos\u00e9e de plusieurs villages, Anctoville-sur-Boscq comporte 464 habitants au 1er\u00a0 janvier 2018 pour une superficie de 2.15 km\u00b2. Ces habitants sont les Anctovillaises et les Anctovillais.<\/p>\n\n<p>Membre de la<a href=\"http:\/\/www.granville-terre-mer.fr\/\" target=\"_blank\" rel=\"noreferrer noopener\"> Communaut\u00e9 de Commune Granville Terre et Mer (GTM)<\/a>, Anctoville-sur-Boscq figure parmi les 32 communes de l\u2019intercommunalit\u00e9 et est limitrophe de <a href=\"https:\/\/mairiestplanchers.fr\/\" target=\"_blank\" rel=\"noreferrer noopener\">Saint-Planchers<\/a>, Coudeville-sur-Mer, <a href=\"http:\/\/longueville-manche.fr\/\" target=\"_blank\" rel=\"noreferrer noopener\">Longueville<\/a> et <a href=\"https:\/\/mairie-yquelon.fr\/\" target=\"_blank\" rel=\"noreferrer noopener\">Yquelon<\/a>.<\/p>\n\t\t\t\t\t\t\t\t<\/div>\n\t\t\t\t<\/div>\n\t\t\t\t\t<\/div>\n\t\t<\/div>\n\t\t\t\t\t<\/div>\n\t\t<\/section>\n\t\t\t\t<section class=\"elementor-section elementor-top-section elementor-element elementor-element-1986a87 elementor-section-boxed elementor-section-height-default elementor-section-height-default\" data-id=\"1986a87\" data-element_type=\"section\" data-e-type=\"section\">\n\t\t\t\t\t\t<div class=\"elementor-container elementor-column-gap-default\">\n\t\t\t\t\t<div class=\"elementor-column elementor-col-100 elementor-top-column elementor-element elementor-element-1a2536e\" data-id=\"1a2536e\" data-element_type=\"column\" data-e-type=\"column\">\n\t\t\t<div class=\"elementor-widget-wrap elementor-element-populated\">\n\t\t\t\t\t\t<div class=\"elementor-element elementor-element-f0d634a elementor-widget elementor-widget-html\" data-id=\"f0d634a\" data-element_type=\"widget\" data-e-type=\"widget\" data-widget_type=\"html.default\">\n\t\t\t\t<div class=\"elementor-widget-container\">\n\t\t\t\t\t\r\n<iframe src=\"https:\/\/experience.arcgis.com\/experience\/14090b8a66534ea3990540821d57b70c\" name=\"Carte des \u00e9quipements sportifs communautaires\" title=\"Carte des \u00e9quipements sportifs communautaires\" style=\"width: 100%; height: 500px; border: 1px solid #ddd;\" allowfullscreen><\/iframe>\t\t\t\t<\/div>\n\t\t\t\t<\/div>\n\t\t\t\t\t<\/div>\n\t\t<\/div>\n\t\t\t\t\t<\/div>\n\t\t<\/section>\n\t\t\t\t<\/div>\n\t\t","protected":false},"excerpt":{"rendered":"<p>Anctoville-sur-Boscq est une commune r\u00e9tro littorale de l\u2019ouest de la Manche, proche de Granville. Elle est caract\u00e9ris\u00e9e par la pr\u00e9sence d\u2019une ambiance paysag\u00e8re dominante, le bocage. Appartenant \u00e0 la Communaut\u00e9 de Communes Granville Terre&#46;&#46;&#46;<\/p>\n","protected":false},"author":2,"featured_media":0,"parent":0,"menu_order":0,"comment_status":"closed","ping_status":"closed","template":"","meta":{"_monsterinsights_skip_tracking":false,"_monsterinsights_sitenote_active":false,"_monsterinsights_sitenote_note":"","_monsterinsights_sitenote_category":0,"footnotes":""},"class_list":["post-1561","page","type-page","status-publish","hentry"],"_links":{"self":[{"href":"https:\/\/anctovillesurboscq.fr\/index.php?rest_route=\/wp\/v2\/pages\/1561","targetHints":{"allow":["GET"]}}],"collection":[{"href":"https:\/\/anctovillesurboscq.fr\/index.php?rest_route=\/wp\/v2\/pages"}],"about":[{"href":"https:\/\/anctovillesurboscq.fr\/index.php?rest_route=\/wp\/v2\/types\/page"}],"author":[{"embeddable":true,"href":"https:\/\/anctovillesurboscq.fr\/index.php?rest_route=\/wp\/v2\/users\/2"}],"replies":[{"embeddable":true,"href":"https:\/\/anctovillesurboscq.fr\/index.php?rest_route=%2Fwp%2Fv2%2Fcomments&post=1561"}],"version-history":[{"count":0,"href":"https:\/\/anctovillesurboscq.fr\/index.php?rest_route=\/wp\/v2\/pages\/1561\/revisions"}],"wp:attachment":[{"href":"https:\/\/anctovillesurboscq.fr\/index.php?rest_route=%2Fwp%2Fv2%2Fmedia&parent=1561"}],"curies":[{"name":"wp","href":"https:\/\/api.w.org\/{rel}","templated":true}]}}