{"id":1396,"date":"2019-01-04T10:57:17","date_gmt":"2019-01-04T09:57:17","guid":{"rendered":"https:\/\/anctovillesurboscq.fr\/?page_id=1396"},"modified":"2019-02-04T10:30:55","modified_gmt":"2019-02-04T09:30:55","slug":"eau-assainissement","status":"publish","type":"page","link":"https:\/\/anctovillesurboscq.fr\/?page_id=1396","title":{"rendered":"Eau &#8211; Assainissement"},"content":{"rendered":"<h4 style=\"text-align: center;\"><div class=\"su-box su-box-style-bubbles\" id=\"\" style=\"border-color:#074d00;border-radius:0px;max-width:none\"><div class=\"su-box-title\" style=\"background-color:#3a800c;color:#FFFFFF;border-top-left-radius:0px;border-top-right-radius:0px\">EAU<\/div><div class=\"su-box-content su-u-clearfix su-u-trim\" style=\"border-bottom-left-radius:0px;border-bottom-right-radius:0px\">Les abonn\u00e9s au service d&rsquo;eau potable du Syndicat sont invit\u00e9s \u00e0 composer le\u00a0<em><strong>02.33.91.62.51<\/strong><\/em>\u00a0pour tous probl\u00e8mes ou renseignement.\u00a0<\/div><\/div><\/h4>\n<p><a href=\"https:\/\/anctovillesurboscq.fr\/wp-content\/uploads\/2019\/01\/SMPGA-1.pdf\" target=\"_blank\" rel=\"noopener\"><img fetchpriority=\"high\" decoding=\"async\" class=\"aligncenter size-medium wp-image-1387\" src=\"https:\/\/anctovillesurboscq.fr\/wp-content\/uploads\/2019\/01\/flyer-SMPGA-218x300.jpg\" alt=\"\" width=\"218\" height=\"300\" srcset=\"https:\/\/anctovillesurboscq.fr\/wp-content\/uploads\/2019\/01\/flyer-SMPGA-218x300.jpg 218w, https:\/\/anctovillesurboscq.fr\/wp-content\/uploads\/2019\/01\/flyer-SMPGA.jpg 628w\" sizes=\"(max-width: 218px) 100vw, 218px\" \/><\/a><\/p>\n<h4 style=\"text-align: center;\"><div class=\"su-box su-box-style-bubbles\" id=\"\" style=\"border-color:#074d00;border-radius:0px;max-width:none\"><div class=\"su-box-title\" style=\"background-color:#3a800c;color:#FFFFFF;border-top-left-radius:0px;border-top-right-radius:0px\">ASSAINISSEMENT COLLECTIF<\/div><div class=\"su-box-content su-u-clearfix su-u-trim\" style=\"border-bottom-left-radius:0px;border-bottom-right-radius:0px\">Les abonn\u00e9s au service d&rsquo;assainissement collectif sont invit\u00e9s \u00e0 composer le\u00a0<strong>02.33.91.30.27<\/strong>\u00a0pour tous probl\u00e8mes ou renseignement.<\/div><\/div><img decoding=\"async\" class=\"wp-image-1412 aligncenter\" src=\"https:\/\/anctovillesurboscq.fr\/wp-content\/uploads\/2019\/01\/SMAAG-LOGO-300x74.jpg\" alt=\"\" width=\"405\" height=\"100\" srcset=\"https:\/\/anctovillesurboscq.fr\/wp-content\/uploads\/2019\/01\/SMAAG-LOGO-300x74.jpg 300w, https:\/\/anctovillesurboscq.fr\/wp-content\/uploads\/2019\/01\/SMAAG-LOGO.jpg 461w\" sizes=\"(max-width: 405px) 100vw, 405px\" \/><\/h4>\n<p>Si vous souhaitez rencontrer un technicien, une permanence est \u00e0 votre disposition tous les vendredis de 14h00 \u00e0 16h00. Pour tout rendez-vous en dehors de cette permanence, merci de prendre contact imp\u00e9rativement par t\u00e9l\u00e9phone au 02.33.91.30.27 ou par mail \u00e0 l&rsquo;adresse suivante <a href=\"mailto:contact@smaag.fr;\">contact@smaag.fr<\/a><\/p>\n<h4 style=\"text-align: center;\"><div class=\"su-box su-box-style-bubbles\" id=\"\" style=\"border-color:#074d00;border-radius:0px;max-width:none\"><div class=\"su-box-title\" style=\"background-color:#3a800c;color:#FFFFFF;border-top-left-radius:0px;border-top-right-radius:0px\">ASSAINISSEMENT NON COLLECTIF<\/div><div class=\"su-box-content su-u-clearfix su-u-trim\" style=\"border-bottom-left-radius:0px;border-bottom-right-radius:0px\">Pour le contr\u00f4le des assainissements non collectifs r\u00e9habilitation, implantation ou vente contacter les services du SPANC au\u00a0<strong>02.33.61.95.96<\/strong><\/div><\/div><\/h4>\n<p><img decoding=\"async\" class=\"size-medium wp-image-638\" src=\"https:\/\/anctovillesurboscq.fr\/wp-content\/uploads\/2018\/02\/Communaut\u00e9-de-Communes-Granville-Terre-et-Mer-300x112.png\" alt=\"\" width=\"300\" height=\"112\" srcset=\"https:\/\/anctovillesurboscq.fr\/wp-content\/uploads\/2018\/02\/Communaut\u00e9-de-Communes-Granville-Terre-et-Mer-300x112.png 300w, https:\/\/anctovillesurboscq.fr\/wp-content\/uploads\/2018\/02\/Communaut\u00e9-de-Communes-Granville-Terre-et-Mer.png 313w\" sizes=\"(max-width: 300px) 100vw, 300px\" \/><\/p>\n<p>Granville Terre et Mer assure, en plus du contr\u00f4le, un suivi des r\u00e9habilitations des installations individuelles. Elle propose, avec l\u2019<a href=\"http:\/\/www.eau-seine-normandie.fr\/\">Agence de l\u2019Eau Seine Normandie<\/a>, des aides financi\u00e8res aux propri\u00e9taires qui doivent effectuer des travaux.<\/p>\n","protected":false},"excerpt":{"rendered":"<p>Si vous souhaitez rencontrer un technicien, une permanence est \u00e0 votre disposition tous les vendredis de 14h00 \u00e0 16h00. Pour tout rendez-vous en dehors de cette permanence, merci de prendre contact imp\u00e9rativement par t\u00e9l\u00e9phone&#46;&#46;&#46;<\/p>\n","protected":false},"author":2,"featured_media":0,"parent":0,"menu_order":0,"comment_status":"closed","ping_status":"closed","template":"","meta":{"_monsterinsights_skip_tracking":false,"_monsterinsights_sitenote_active":false,"_monsterinsights_sitenote_note":"","_monsterinsights_sitenote_category":0,"footnotes":""},"class_list":["post-1396","page","type-page","status-publish","hentry"],"_links":{"self":[{"href":"https:\/\/anctovillesurboscq.fr\/index.php?rest_route=\/wp\/v2\/pages\/1396","targetHints":{"allow":["GET"]}}],"collection":[{"href":"https:\/\/anctovillesurboscq.fr\/index.php?rest_route=\/wp\/v2\/pages"}],"about":[{"href":"https:\/\/anctovillesurboscq.fr\/index.php?rest_route=\/wp\/v2\/types\/page"}],"author":[{"embeddable":true,"href":"https:\/\/anctovillesurboscq.fr\/index.php?rest_route=\/wp\/v2\/users\/2"}],"replies":[{"embeddable":true,"href":"https:\/\/anctovillesurboscq.fr\/index.php?rest_route=%2Fwp%2Fv2%2Fcomments&post=1396"}],"version-history":[{"count":0,"href":"https:\/\/anctovillesurboscq.fr\/index.php?rest_route=\/wp\/v2\/pages\/1396\/revisions"}],"wp:attachment":[{"href":"https:\/\/anctovillesurboscq.fr\/index.php?rest_route=%2Fwp%2Fv2%2Fmedia&parent=1396"}],"curies":[{"name":"wp","href":"https:\/\/api.w.org\/{rel}","templated":true}]}}